{"id":8554,"date":"2018-02-22T17:50:07","date_gmt":"2018-02-22T17:50:07","guid":{"rendered":"https:\/\/www.somatechnology.com\/spanish\/?post_type=product&#038;p=8554"},"modified":"2023-08-23T06:22:04","modified_gmt":"2023-08-23T10:22:04","slug":"ge-mac-5500hd-ekg","status":"publish","type":"product","link":"https:\/\/www.somatechnology.com\/spanish\/equipo-medico-usado-remanufacturado\/cardiologia\/ekg-interpretativo-y-no-interpretativo\/ge-mac-5500hd-ekg\/","title":{"rendered":"GE MAC 5500HD EKG"},"content":{"rendered":"<h2>Caracter\u00edsticas del\u00a0<strong>GE Mac 5500HD<\/strong><\/h2>\n<p>El sistema MAC 5500HD ofrece la sofisticaci\u00f3n necesaria para aplicaciones de ECG avanzadas, mientras que su facilidad de uso extiende este nivel de rendimiento a una amplia gama de posibles usuarios. Soluciones de prueba no invasivas dise\u00f1adas para maximizar el rendimiento del paciente y la productividad del departamento.<\/p>\n<ul>\n<li>Algoritmos avanzados en an\u00e1lisis e interpretaci\u00f3n de ECG.<\/li>\n<li>Las aplicaciones y caracter\u00edsticas f\u00e1ciles de usar agilizan la productividad y el flujo de trabajo.<\/li>\n<li>Conectividad mejorada cuando se combina con el Sistema de informaci\u00f3n de cardiolog\u00eda MUSE * para acelerar el almacenamiento de datos y la recuperaci\u00f3n de ECG.<\/li>\n<li>El m\u00f3dulo de adquisici\u00f3n CAM-HD digital ayuda a reducir el ruido y los artefactos para trazados de ECG m\u00e1s claros y una precisi\u00f3n mejorada para detectar la presencia de picos de marcapasos.<\/li>\n<li>La gran pantalla de campo de visi\u00f3n proporciona una vista clara de la pantalla desde cualquier \u00e1ngulo.<\/li>\n<li>La salida anal\u00f3gica de ECG facilita la integraci\u00f3n con otros dispositivos de diagn\u00f3stico card\u00edaco, como la ecocardiograf\u00eda y los sistemas de medicina nuclear.<\/li>\n<li>Amplia personalizaci\u00f3n, que incluye una pantalla y un formato de informe final, que acomoda las preferencias individuales del usuario.<\/li>\n<li>La opci\u00f3n de estr\u00e9s incorpora las comprobadas tecnolog\u00edas de pruebas de ejercicio de GE. Adquisici\u00f3n de se\u00f1al<\/li>\n<li>los avances ayudan a reducir la fluctuaci\u00f3n de l\u00ednea de base y la distorsi\u00f3n del segmento ST para generar ECG m\u00e1s claros y definidos.<\/li>\n<li>Las opciones de lector de tarjeta magn\u00e9tica y c\u00f3digo de barras ayudan a reducir errores al automatizar la entrada de datos del paciente.<\/li>\n<li>Los protocolos de seguridad y la protecci\u00f3n por contrase\u00f1a configurable por el usuario ayudan a abordar la seguridad de los datos y las preocupaciones de HIPAA.<\/li>\n<li>El dise\u00f1o del carro tiene un pr\u00e1ctico soporte para el m\u00f3dulo de adquisici\u00f3n, una amplia \u00e1rea de superficie de escritura, compartimentos anchos y un compartimiento de almacenamiento cubierto.<\/li>\n<li>El dise\u00f1o de sistema compacto ofrece una movilidad f\u00e1cil.<\/li>\n<\/ul>\n<h2>Especificaciones del\u00a0<strong>GE Mac 5500HD<\/strong><\/h2>\n<h3>Informaci\u00f3n General<\/h3>\n<ul>\n<li>Interpretaci\u00f3n de ECG: Marquette * 12SL * Programa de an\u00e1lisis de ECG para adultos y pediatr\u00eda.<\/li>\n<li>Medidas computarizadas: el an\u00e1lisis de 15 derivaciones incluye mediciones de 3 derivaciones adicionales seleccionables por el usuario.<\/li>\n<li>Opcional: an\u00e1lisis de potencial de alta resoluci\u00f3n y se\u00f1al de onda P: promedio de ECG.<\/li>\n<li>Funci\u00f3n de ECG adicional: Vectorcardiograf\u00eda.<\/li>\n<li>Frecuencia de an\u00e1lisis de ECG: 500 muestras \/ segundo. (SPS)<\/li>\n<li>Almacenamiento de ECG: 200 ECG en la memoria interna.<\/li>\n<li>Archivo externo: tarjeta Secure Digital.<\/li>\n<li>Tasa de muestreo digital: 16,000 muestras \/ segundo \/ canal.<\/li>\n<li>Adquisici\u00f3n previa: proporciona 10 segundos de adquisici\u00f3n de ECG instant\u00e1nea.<\/li>\n<li>Rango din\u00e1mico: Diferencial de CA \u00b1 5 mV, desplazamiento de CC \u00b1 300 mV.<\/li>\n<li>Resoluci\u00f3n: 4.88 \u03bcV \/ LSB @ 250 sps, 4.88 \u03bcV \/ LSB @ 500 sps.<\/li>\n<li>Respuesta de frecuencia: -3 dB @ 0.01 a 150 Hz<\/li>\n<li>Rechazo de modo com\u00fan:&gt; 140 dB (123 dB con filtro de CA desactivado)<\/li>\n<li>Impedancia de entrada:&gt; 10M\u03a9 @ 10 Hz, protegido contra desfibrilador<\/li>\n<li>Fuga del paciente: &lt;10 \u03bcA<\/li>\n<li>Detecci\u00f3n de ritmo: Cumple o excede los est\u00e1ndares ANSI \/ AAMI EC11-1991<\/li>\n<li>Velocidad de muestreo digital de ritmo: 75,000 muestras \/ segundo \/ canal<\/li>\n<li>Ancho de pulso de ritmo: tan bajo como 0.2 ms de duraci\u00f3n<\/li>\n<li>Amplitud de pulso de ritmo: tan bajo como 0.5 mV en amplitud<\/li>\n<li>Funciones de adquisici\u00f3n especiales: detecci\u00f3n de cable desconectado, impedancia del electrodo, ruido excesivo de CA, fluctuaci\u00f3n lenta de l\u00ednea de base y mensajes de temblor muscular<\/li>\n<li>Medidor de frecuencia card\u00edaca: 30 a 300 BPM \u00b1 10% o 5 BPM, el que sea mayor. Las frecuencias card\u00edacas fuera de este rango no se mostrar\u00e1n<\/li>\n<\/ul>\n<h3>Comunicaci\u00f3n<\/h3>\n<ul>\n<li>MUSE Cardiology Information System compatible.<\/li>\n<li>CardioSoft compatible \u2013 EMR connectivity via MUSE Cardiology Information System or CardioSoft.<\/li>\n<li>Serial Cable.<\/li>\n<li>Internal modem\/fax.<\/li>\n<li>Optional:<\/li>\n<li>Remote Retrieval. (Remote Query.)<\/li>\n<li>MobileLink wireless (requires additional MUSE communications software and installation):<\/li>\n<li>Enhanced Security WPA and WPA2 (personal and enterprise modes). PAP, MS-CHAPv2, 802.1xEAP with TLS\/ TTLS\/LEAP\/PEAP\/FAST, WEP (PEAP requires network evaluation\/approval prior to purchase.<\/li>\n<li>Ultra-High Security MobileLink (FIPS 140-2) LAN (requires additional MUSE communications software and installation)<\/li>\n<li>Communication with MUSE over LAN thru internal RJ-45 jack<\/li>\n<li>LAN (requires additional MUSE communications software and installation.)<\/li>\n<li>Communication with MUSE over LAN thru internal RJ-45 jack.<\/li>\n<\/ul>\n<h3>Monitor<\/h3>\n<ul>\n<li>Tipo de pantalla: LCD en color retroiluminado de 10,4 pulgadas (264 mm) en color diagonal.<\/li>\n<li>Resoluci\u00f3n de pantalla: 640 x 480 p\u00edxeles con mejora de forma de onda<\/li>\n<li>Datos de pantalla: frecuencia card\u00edaca, nombre del paciente, ID, reloj, formas de onda, etiquetas de plomo, ajustes de velocidad, ganancia y filtro, mensajes de advertencia, indicaciones y mensajes de ayuda<\/li>\n<\/ul>\n<h3>Impresora<\/h3>\n<ul>\n<li>Matriz de punto t\u00e9rmico.<\/li>\n<li>Velocidades del escritor: 5, 12.5, 25 y 50 mm \/ s.<\/li>\n<li>N\u00famero de huellas: 3, 6, 12 o 15 seleccionables por el usuario.<\/li>\n<li>Sensibilidad \/ ganancia del escritor: 2.5, 5, 10, 20, 10\/5 (calibraci\u00f3n dividida) mm \/ mV.<\/li>\n<li>Exactitud de Velocidad del Escritor: \u00b1 2%.<\/li>\n<li>Precisi\u00f3n de amplitud del escritor: \u00b1 5%.<\/li>\n<li>Resoluci\u00f3n del escritor: 1000 ppp horizontales a 25 mm \/ s, 200 ppp verticales.<\/li>\n<li>Tipo de papel: T\u00e9rmico, plegado en Z, perforado, plegado en abanico, 300 hojas \/ paquete.<\/li>\n<li>Tama\u00f1o del papel: A Tama\u00f1o: 8.5 in x 11 in. (214.6 mm x 280 mm.)<\/li>\n<\/ul>\n<h3>Teclado<\/h3>\n<ul>\n<li>Tipo: elast\u00f3mero sellado con teclas de funciones suaves, teclas alfanum\u00e9ricas, controles de escritura y controles de cursor TrimPad<\/li>\n<\/ul>\n<h3>Fuente de alimentaci\u00f3n<\/h3>\n<ul>\n<li>Fuente de alimentaci\u00f3n: operaci\u00f3n de CA o bater\u00eda.<\/li>\n<li>Voltaje: 100 a 240 VAC.<\/li>\n<li>Corriente: 0.5A a 115 VAC, 0.3A a 240 VAC, t\u00edpica, 0.85 A m\u00e1x.<\/li>\n<li>Frecuencia: 50 a 60 Hz<\/li>\n<li>Tipo de bater\u00eda: Reemplazable por el usuario, 18V @ 3.5 AH \u00b1 10% NiMH recargable.<\/li>\n<li>Capacidad de la bater\u00eda: 100 informes de una sola p\u00e1gina, (t\u00edpico) o seis horas de visualizaci\u00f3n continua. (sin imprimir)<\/li>\n<li>Tiempo de carga de la bater\u00eda: Aproximadamente 4.5 horas desde la descarga total. (Con visualizaci\u00f3n desactivada.)<\/li>\n<\/ul>\n<h3>Vectorcardiograf\u00eda<\/h3>\n<ul>\n<li>Formatos de informe: bucles de vectores de vectores componentes (P, QRS, ST-T)<\/li>\n<li>Sensibilidad: 20, 40, 80 o 160 mm \/ mV.<\/li>\n<li>Resoluci\u00f3n de tiempo: 2 ms.<\/li>\n<\/ul>\n<h3>Hi-Res An\u00e1lisis de potencial tard\u00edo y se\u00f1al de onda P<\/h3>\n<ul>\n<li>Sensibilidades:<\/li>\n<li>Plantilla de datos sin procesar.<\/li>\n<li>Tiempo promedio.<\/li>\n<li>Se\u00f1ales filtradas y Magnitud del vector.<\/li>\n<li>20 mm \/ mV.<\/li>\n<li>20 mm \/ mV y 50 mm \/ mV.<\/li>\n<li>1 mm \/ \u03bcV.<\/li>\n<li>Tasa de muestreo de an\u00e1lisis: 1,000 muestras \/ segundo \/ canal.<\/li>\n<\/ul>\n<h3>Especificaciones f\u00edsicas<\/h3>\n<ul>\n<li>Altura: 3.7 pulgadas (9.4 cm) (Sin carro) con la pantalla cerrada.<\/li>\n<li>Ancho: 15 in (38.1 cm) (Sin carro).<\/li>\n<li>Profundidad: 13.8 in (35.1 cm) (Sin carro).<\/li>\n<li>Peso: Aproximadamente 6.8 kg (15 lbs) (Sin carro) Incluye bater\u00eda, sin papel.<\/li>\n<\/ul>\n<h3>Especificaciones ambientales<\/h3>\n<ul>\n<li>Temperatura:\n<ul>\n<li>50 \u00b0 a 104 \u00b0 F. (10 \u00b0 a 40 \u00b0 C)<\/li>\n<li>-40 \u00b0 a 158 \u00b0 F. (-40 \u00b0 a 70 \u00b0 C)<\/li>\n<\/ul>\n<\/li>\n<li>Humedad:\n<ul>\n<li>20% a 95% de humedad relativa sin condensaci\u00f3n.<\/li>\n<li>15% a 95% de humedad relativa sin condensaci\u00f3n.<\/li>\n<\/ul>\n<\/li>\n<li>Presi\u00f3n:\n<ul>\n<li>700 a 1060 hPA.<\/li>\n<li>500 a 1060 hPA.<\/li>\n<\/ul>\n<\/li>\n<\/ul>\n<h3>Especificaciones del lector de tarjetas magn\u00e9ticas<\/h3>\n<ul>\n<li>Conjunto de caracteres: caracteres alfanum\u00e9ricos ANSI \/ ISO ALPHA y BCD ANSI \/ ISO. (subconjunto de ASCII [ISO 646 IRV: 1991])<\/li>\n<\/ul>\n<h3>Especificaciones Esc\u00e1ner de c\u00f3digo de barras<\/h3>\n<ul>\n<li>Simbolog\u00edas: c\u00f3digo 39 (ampliado), PDF-417, c\u00f3digo 128, matriz de datos, entrelazado 2 de 5.<\/li>\n<\/ul>\n<h3>Dimensiones modulares del carro MAC<\/h3>\n<ul>\n<li>Altura: 37 pulg. (94 cm)<\/li>\n<li>Ancho: 19 pulg. (47 cm)<\/li>\n<li>Profundidad: 27 pulg. (69 cm.)<\/li>\n<li>Altura con el soporte del m\u00f3dulo de adquisici\u00f3n: 59 in (150 cm) Peso<\/li>\n<li>Peso: 66 lbs. (30 kg) (Sin sistema de ECG en reposo)<\/li>\n<\/ul>\n<p>&nbsp;<\/p>\n","protected":false},"excerpt":{"rendered":"<p>Electrocardi\u00f3grafos (EKG)<\/p>\n","protected":false},"featured_media":19929,"template":"","meta":{"_acf_changed":false,"_relevanssi_hide_post":"","_relevanssi_hide_content":"","_relevanssi_pin_for_all":"","_relevanssi_pin_keywords":"","_relevanssi_unpin_keywords":"","_relevanssi_related_keywords":"","_relevanssi_related_include_ids":"","_relevanssi_related_exclude_ids":"","_relevanssi_related_no_append":"","_relevanssi_related_not_related":"","_relevanssi_related_posts":"","_relevanssi_noindex_reason":"","inline_featured_image":false},"pwb-brand":[1100],"product_brand":[],"product_cat":[49],"product_tag":[1199,1200,4782,4802,224,4803,1191,1190,1196,1197,1194,4808,1195,4806,1198],"class_list":{"0":"post-8554","1":"product","2":"type-product","3":"status-publish","4":"has-post-thumbnail","6":"pwb-brand-equipo-medico-ge","7":"product_cat-ekg-interpretativo-y-no-interpretativo","8":"product_tag-5500hd","9":"product_tag-5500hd-ekg","10":"product_tag-electrocardiografos","11":"product_tag-electrocardiografos-ge","12":"product_tag-ge","13":"product_tag-ge-electrocardiografos","14":"product_tag-ge-mac","15":"product_tag-ge-mac-5500","16":"product_tag-ge-mac-5500-hd","17":"product_tag-ge-mac-5500-hd-ehg","18":"product_tag-ge-mac-5500hd","19":"product_tag-ge-mac-5500hd-electrocardiografos","20":"product_tag-ge-mac-5500hdekg","21":"product_tag-ge-mac-electrocardiografos","22":"product_tag-mac-5500hd","24":"first","25":"instock","26":"shipping-taxable","27":"purchasable","28":"product-type-simple"},"acf":[],"brands":[{"id":1100,"name":"GE","slug":"equipo-medico-ge"}],"_links":{"self":[{"href":"https:\/\/www.somatechnology.com\/spanish\/wp-json\/wp\/v2\/product\/8554","targetHints":{"allow":["GET"]}}],"collection":[{"href":"https:\/\/www.somatechnology.com\/spanish\/wp-json\/wp\/v2\/product"}],"about":[{"href":"https:\/\/www.somatechnology.com\/spanish\/wp-json\/wp\/v2\/types\/product"}],"wp:featuredmedia":[{"embeddable":true,"href":"https:\/\/www.somatechnology.com\/spanish\/wp-json\/wp\/v2\/media\/19929"}],"wp:attachment":[{"href":"https:\/\/www.somatechnology.com\/spanish\/wp-json\/wp\/v2\/media?parent=8554"}],"wp:term":[{"taxonomy":"pwb-brand","embeddable":true,"href":"https:\/\/www.somatechnology.com\/spanish\/wp-json\/wp\/v2\/pwb-brand?post=8554"},{"taxonomy":"product_brand","embeddable":true,"href":"https:\/\/www.somatechnology.com\/spanish\/wp-json\/wp\/v2\/product_brand?post=8554"},{"taxonomy":"product_cat","embeddable":true,"href":"https:\/\/www.somatechnology.com\/spanish\/wp-json\/wp\/v2\/product_cat?post=8554"},{"taxonomy":"product_tag","embeddable":true,"href":"https:\/\/www.somatechnology.com\/spanish\/wp-json\/wp\/v2\/product_tag?post=8554"}],"curies":[{"name":"wp","href":"https:\/\/api.w.org\/{rel}","templated":true}]}}