{"id":8631,"date":"2018-02-26T20:53:57","date_gmt":"2018-02-26T20:53:57","guid":{"rendered":"https:\/\/www.somatechnology.com\/spanish\/?post_type=product&#038;p=8631"},"modified":"2023-08-23T06:22:15","modified_gmt":"2023-08-23T10:22:15","slug":"16-lead-patient-interface-module-pim","status":"publish","type":"product","link":"https:\/\/www.somatechnology.com\/spanish\/equipo-medico-usado-remanufacturado\/cardiologia\/ekg-interpretativo-y-no-interpretativo\/16-lead-patient-interface-module-pim\/","title":{"rendered":"Philips 16-Lead Patient Interface Module (PIM)"},"content":{"rendered":"<h2>Caracter\u00edsticas del\u00a0Philips 16 Lead PIM<\/h2>\n<p>El <strong>m\u00f3dulo de interfaz de paciente (PIM) de 16<\/strong> conductores puede configurarse para soportar hasta 16 pistas opcionales para una aplicaci\u00f3n adulta y pedi\u00e1trica. El mismo m\u00f3dulo de interfaz de paciente (PIM) se utiliza tanto en el TC70 como en el TC50 modelcardiographs. El PIM es un dispositivo de mano que se conecta al cable de datos del paciente.<\/p>\n<ul>\n<li>Bot\u00f3n ECG que se usa para tomar ECGs de la cama.<\/li>\n<li>Soporta 16 cables opcionales.<\/li>\n<\/ul>\n<p>&nbsp;<\/p>\n","protected":false},"excerpt":{"rendered":"<p>Electrocardi\u00f3grafos (EKG)<\/p>\n","protected":false},"featured_media":11954,"template":"","meta":{"_acf_changed":false,"_relevanssi_hide_post":"","_relevanssi_hide_content":"","_relevanssi_pin_for_all":"","_relevanssi_pin_keywords":"","_relevanssi_unpin_keywords":"","_relevanssi_related_keywords":"","_relevanssi_related_include_ids":"","_relevanssi_related_exclude_ids":"","_relevanssi_related_no_append":"","_relevanssi_related_not_related":"","_relevanssi_related_posts":"","_relevanssi_noindex_reason":"","inline_featured_image":false},"pwb-brand":[1102],"product_brand":[],"product_cat":[49],"product_tag":[1281,1279,4824,4782,273,1280,1278,4823],"class_list":{"0":"post-8631","1":"product","2":"type-product","3":"status-publish","4":"has-post-thumbnail","6":"pwb-brand-equipo-medico-philips","7":"product_cat-ekg-interpretativo-y-no-interpretativo","8":"product_tag-16-lead","9":"product_tag-16-lead-pim","10":"product_tag-16-lead-pim-electrocardiografos","11":"product_tag-electrocardiografos","12":"product_tag-philips","13":"product_tag-philips-16-lead","14":"product_tag-philips-16-lead-pim","15":"product_tag-philps-electrocardiografos","17":"first","18":"instock","19":"shipping-taxable","20":"purchasable","21":"product-type-simple"},"acf":[],"brands":[{"id":1102,"name":"Philips","slug":"equipo-medico-philips"}],"_links":{"self":[{"href":"https:\/\/www.somatechnology.com\/spanish\/wp-json\/wp\/v2\/product\/8631","targetHints":{"allow":["GET"]}}],"collection":[{"href":"https:\/\/www.somatechnology.com\/spanish\/wp-json\/wp\/v2\/product"}],"about":[{"href":"https:\/\/www.somatechnology.com\/spanish\/wp-json\/wp\/v2\/types\/product"}],"wp:featuredmedia":[{"embeddable":true,"href":"https:\/\/www.somatechnology.com\/spanish\/wp-json\/wp\/v2\/media\/11954"}],"wp:attachment":[{"href":"https:\/\/www.somatechnology.com\/spanish\/wp-json\/wp\/v2\/media?parent=8631"}],"wp:term":[{"taxonomy":"pwb-brand","embeddable":true,"href":"https:\/\/www.somatechnology.com\/spanish\/wp-json\/wp\/v2\/pwb-brand?post=8631"},{"taxonomy":"product_brand","embeddable":true,"href":"https:\/\/www.somatechnology.com\/spanish\/wp-json\/wp\/v2\/product_brand?post=8631"},{"taxonomy":"product_cat","embeddable":true,"href":"https:\/\/www.somatechnology.com\/spanish\/wp-json\/wp\/v2\/product_cat?post=8631"},{"taxonomy":"product_tag","embeddable":true,"href":"https:\/\/www.somatechnology.com\/spanish\/wp-json\/wp\/v2\/product_tag?post=8631"}],"curies":[{"name":"wp","href":"https:\/\/api.w.org\/{rel}","templated":true}]}}