{"id":8647,"date":"2018-02-27T14:13:53","date_gmt":"2018-02-27T14:13:53","guid":{"rendered":"https:\/\/www.somatechnology.com\/spanish\/?post_type=product&#038;p=8647"},"modified":"2023-08-23T06:22:21","modified_gmt":"2023-08-23T10:22:21","slug":"burdick-atria-6100","status":"publish","type":"product","link":"https:\/\/www.somatechnology.com\/spanish\/equipo-medico-usado-remanufacturado\/cardiologia\/ekg-interpretativo-y-no-interpretativo\/burdick-atria-6100\/","title":{"rendered":"Burdick Atria 6100"},"content":{"rendered":"<h2>Caracter\u00edsticas del Burdick Atria 6100<\/h2>\n<p>El Burdick ATRIA 6100 es nuestra pr\u00e1ctica, portable ECG\/EKG m\u00e1quina para hospitales y cl\u00ednicas de Cardiolog\u00eda. Las aur\u00edculas 6100 ECG port\u00e1til ayuda a optimizar el flujo de trabajo con una interfaz de usuario amigable y clara, la pantalla de color legible para la lectura f\u00e1cil de los datos de forma de onda ECG.<\/p>\n<ul>\n<li>Almacena hasta 150 electrocardiogramas.<\/li>\n<li>Impresiones manuales o autom\u00e1ticas de 3, 4, 6, y 12-ECG de plomo.<\/li>\n<li>Capacidades inal\u00e1mbricas 802.11, Bluetooth o Ethernet cableada.<\/li>\n<li>Descargue y cargue informaci\u00f3n del paciente y pruebe los resultados directamente desde su sistema EMR.<\/li>\n<li>Revise, edite y confirme r\u00e1pidamente los resultados de las pruebas directamente desde la tabla del paciente.<\/li>\n<\/ul>\n<h2 dir=\"ltr\" data-placeholder=\"Translation\">Especificaciones del Burdick Atria 6100<\/h2>\n<h3>Dimensiones<\/h3>\n<ul>\n<li>Altura: 5.5 pulg (14 cm)<\/li>\n<li>Anchura: 15 in (38,1 cm)<\/li>\n<li>Profundidad: 13.1 in (33,4 cm)<\/li>\n<li>Peso (incluyendo fuente de alimentaci\u00f3n externa): 11 lbs (5 kg)<\/li>\n<\/ul>\n<h3>Monitor<\/h3>\n<ul>\n<li>Pantalla retroiluminada de LCD a color 640 x 480<\/li>\n<\/ul>\n<h3>Teclado<\/h3>\n<ul>\n<li>Teclado alfanum\u00e9rico completo y teclas r\u00e1pidas designadas<\/li>\n<\/ul>\n<h3>Almacenamiento de datos<\/h3>\n<ul>\n<li>150 est\u00e1ndares de los expedientes<\/li>\n<\/ul>\n<h3>Energ\u00eda de entrada<\/h3>\n<ul>\n<li>AC Operation 100-240 VAC \u00b1 10%, 50-60 Hz \u00b1 3 Hz<\/li>\n<\/ul>\n<h3>Bater\u00eda<\/h3>\n<ul>\n<li>Duraci\u00f3n: 55 minutos de impresi\u00f3n continua<\/li>\n<\/ul>\n<h3>Impresora<\/h3>\n<ul>\n<li>Dispositivo del listado: arsenal termal del punto de 216 mil\u00edmetros<\/li>\n<li>Dimensi\u00f3n de papel: 8.5 \u00abx 11\u00bb (letra de los e.e.u.u.)<\/li>\n<li>210mm x 300m m (A4)<\/li>\n<li>Tipo de papel: sensible termal (Burdick de la garant\u00eda o del papel HeartLine recomendado)<\/li>\n<li>Velocidades de la carta: 12.5, 25, 50 mm\/seg<\/li>\n<\/ul>\n<h3>Informaci\u00f3n Adicional<\/h3>\n<ul>\n<li>Selecci\u00f3n del plomo: I, II, III, AVR, AVL, AVF, V1, V2, V3, V4, V5, V6 y plomo alterno del pecho (V2R de la selecci\u00f3n del plomo del pecho a trav\u00e9s V9R, V7, V8, y V9).<\/li>\n<li>Modos: autom\u00e1tico, ritmo autom\u00e1tico, o ritmo manual.<\/li>\n<li>Respuesta de frecuencia: cumple o excede los est\u00e1ndares de ANSI\/AAMI EC11-1991 y de IEC 60601-2-51.<\/li>\n<li>Impedancia de entrada: cumple o excede las normas ANSI\/AAMI EC11-1991 y IEC 60601-2-51.<\/li>\n<li>Tolerancia del offset del electrodo: \u00b1 300 mV.<\/li>\n<li>Muestreo: 8000 muestras\/sec. 2.5 \u03bcV LSB.<\/li>\n<li>Respuesta del filtro de artefacto: 40 Hz,-3dB.<\/li>\n<li>Almacenaje: 500 muestras\/en segundo lugar, 2.5 \u03bcV LSB.<\/li>\n<li>Capacidad de la exhibici\u00f3n de los marcapasos: satisface o excede est\u00e1ndar de ANSI\/AAMI EC11-1991 y IEC 60601-2-51.<\/li>\n<li>Interpretaci\u00f3n (opcional): diagnosis, medidas, razones de las declaraciones basadas en cinco criterios demogr\u00e1ficos.<\/li>\n<\/ul>\n<p>&nbsp;<\/p>\n<p>&nbsp;<\/p>\n","protected":false},"excerpt":{"rendered":"<p>Electrocardiografos<\/p>\n","protected":false},"featured_media":9342,"template":"","meta":{"_acf_changed":false,"_relevanssi_hide_post":"","_relevanssi_hide_content":"","_relevanssi_pin_for_all":"","_relevanssi_pin_keywords":"","_relevanssi_unpin_keywords":"","_relevanssi_related_keywords":"","_relevanssi_related_include_ids":"","_relevanssi_related_exclude_ids":"","_relevanssi_related_no_append":"","_relevanssi_related_not_related":"","_relevanssi_related_posts":"","_relevanssi_noindex_reason":"","inline_featured_image":false},"pwb-brand":[1099],"product_brand":[],"product_cat":[49],"product_tag":[1174,1307,1173,1306,1305],"class_list":{"0":"post-8647","1":"product","2":"type-product","3":"status-publish","4":"has-post-thumbnail","6":"pwb-brand-equipo-medico-burdick","7":"product_cat-ekg-interpretativo-y-no-interpretativo","8":"product_tag-burdick","9":"product_tag-burdick-6100","10":"product_tag-burdick-atria","11":"product_tag-burdick-atria-6100","12":"product_tag-burdick-atria-6100-ekg","14":"first","15":"instock","16":"shipping-taxable","17":"purchasable","18":"product-type-simple"},"acf":[],"brands":[{"id":1099,"name":"Burdick","slug":"equipo-medico-burdick"}],"_links":{"self":[{"href":"https:\/\/www.somatechnology.com\/spanish\/wp-json\/wp\/v2\/product\/8647","targetHints":{"allow":["GET"]}}],"collection":[{"href":"https:\/\/www.somatechnology.com\/spanish\/wp-json\/wp\/v2\/product"}],"about":[{"href":"https:\/\/www.somatechnology.com\/spanish\/wp-json\/wp\/v2\/types\/product"}],"wp:featuredmedia":[{"embeddable":true,"href":"https:\/\/www.somatechnology.com\/spanish\/wp-json\/wp\/v2\/media\/9342"}],"wp:attachment":[{"href":"https:\/\/www.somatechnology.com\/spanish\/wp-json\/wp\/v2\/media?parent=8647"}],"wp:term":[{"taxonomy":"pwb-brand","embeddable":true,"href":"https:\/\/www.somatechnology.com\/spanish\/wp-json\/wp\/v2\/pwb-brand?post=8647"},{"taxonomy":"product_brand","embeddable":true,"href":"https:\/\/www.somatechnology.com\/spanish\/wp-json\/wp\/v2\/product_brand?post=8647"},{"taxonomy":"product_cat","embeddable":true,"href":"https:\/\/www.somatechnology.com\/spanish\/wp-json\/wp\/v2\/product_cat?post=8647"},{"taxonomy":"product_tag","embeddable":true,"href":"https:\/\/www.somatechnology.com\/spanish\/wp-json\/wp\/v2\/product_tag?post=8647"}],"curies":[{"name":"wp","href":"https:\/\/api.w.org\/{rel}","templated":true}]}}