{"id":8650,"date":"2018-02-27T14:28:31","date_gmt":"2018-02-27T14:28:31","guid":{"rendered":"https:\/\/www.somatechnology.com\/spanish\/?post_type=product&#038;p=8650"},"modified":"2023-08-23T06:22:22","modified_gmt":"2023-08-23T10:22:22","slug":"ge-mac-1600","status":"publish","type":"product","link":"https:\/\/www.somatechnology.com\/spanish\/equipo-medico-usado-remanufacturado\/cardiologia\/ekg-interpretativo-y-no-interpretativo\/ge-mac-1600\/","title":{"rendered":"GE MAC 1600"},"content":{"rendered":"<h2>Caracter\u00edsticas del GE MAC 1600<\/h2>\n<p>La m\u00e1quina <strong>GE MAC 1600 EKG<\/strong> simplifica el flujo de trabajo con la conectividad con los sistemas de informaci\u00f3n MUSE o CardioSoft de GE. Los modos de usabilidad y configuraci\u00f3n de Mac 1600 incluyen ECG de reposo, ritmo y arritmia. 1600 permiten que los m\u00e9dicos hagan los diagn\u00f3sticos apropiados y las decisiones del tratamiento usando el programa de an\u00e1lisis de Marquette 12SL ECG.<\/p>\n<ul>\n<li>Intuitivo \u2013 el men\u00fa de teclas suaves hace que la entrada de datos del paciente sea f\u00e1cil y r\u00e1pida.<\/li>\n<li>Clear-el 7 &#8216; &#8216; color WVGA da la revisi\u00f3n cristalina de la forma de onda de ECG.<\/li>\n<li>Digital \u2013 la revisi\u00f3n en pantalla de su ECG ahorra papel y la repetici\u00f3n costosa ECGs.<\/li>\n<li>Portable \u2013 el Mac 1600 puede ser f\u00e1cilmente transportado. Su avanzada bater\u00eda de iones de litio permite tres horas de uso continuo.<\/li>\n<li>EMR Ready \u2013 el Mac 1600 se conecta f\u00e1cilmente a su sistema EMR a trav\u00e9s del software CardioSoft de GE<\/li>\n<\/ul>\n<h2>Especificaciones del GE MAC 1600<\/h2>\n<h3>Dimensiones<\/h3>\n<ul>\n<li>Altura: 15.7 in (40 cm)<\/li>\n<li>Ancho: 13.8 in (35 cm)<\/li>\n<li>Profundidad: 5,9 pulg (15 cm)<\/li>\n<li>Peso (bater\u00eda incluyendo): 13.2 lbs (6 kilogramos)<\/li>\n<\/ul>\n<h3>Monitor<\/h3>\n<ul>\n<li>Tipo: m\u00f3dulo de 7 &#8216; &#8216; TFT LCD, Widescreen<\/li>\n<li>Resoluci\u00f3n de la exhibici\u00f3n: 800 x 480 pixeles<\/li>\n<li>Resoluci\u00f3n WVGA: 800 x 480 p\u00edxeles<\/li>\n<li>Color: s\u00ed<\/li>\n<li>Puerto VGA para monitor CRT externo<\/li>\n<\/ul>\n<h3>Teclado<\/h3>\n<ul>\n<li>Tipo: elast\u00f3mero \u2013 con teclas de funci\u00f3n blandas, teclas alfanum\u00e9ricas, controles de escritura y controles del cursor del pad de recorte<\/li>\n<\/ul>\n<h3>Almacenamiento de datos<\/h3>\n<ul>\n<li>100 expedientes est\u00e1ndar<\/li>\n<\/ul>\n<h3>Energ\u00eda de entrada<\/h3>\n<ul>\n<li>Voltaje: 100 a 240 VAC, + 10,-15%<\/li>\n<li>Corriente: 0.5 a en 115 VAC<\/li>\n<li>Corriente: 0.3 a a 240 VAC<\/li>\n<li>Frecuencia: 50 a 60 Hz +\/-10%<\/li>\n<\/ul>\n<h3>Bater\u00eda<\/h3>\n<ul>\n<li>Tipo: usuario reemplazable, 16.4 v @ 2300 Ah, ion de litio<\/li>\n<li>Capacidad: 50 informes de la sola p\u00e1gina, (t\u00edpicos) 3 horas de exhibici\u00f3n continua (sin la impresi\u00f3n)<\/li>\n<li>Tiempo de la carga: aproximadamente 2.5 horas de la descarga total<\/li>\n<\/ul>\n<h3>Impresora<\/h3>\n<ul>\n<li>Resoluci\u00f3n:\n<ul>\n<li>Verticalmente 8 dots\/mm<\/li>\n<li>Horizontalmente 40 dots\/mm @ 25 mm\/sec<\/li>\n<\/ul>\n<\/li>\n<li>Tipo de papel: la letra termal A4 &amp; US, Z-dobla<\/li>\n<li>Velocidad de escritura: 5, 12.5, 25, 50 mm\/seg<\/li>\n<\/ul>\n<p>&nbsp;<\/p>\n<h3>Adquisici\u00f3n y an\u00e1lisis<\/h3>\n<ul>\n<li>M\u00f3dulo de adquisici\u00f3n anal\u00f3gica<\/li>\n<li>Marquette 12SL mediciones e interpretaci\u00f3n (opci\u00f3n)<\/li>\n<li>Marquette 12SL Asesor de conexi\u00f3n<\/li>\n<li>4,88 resoluci\u00f3n \u03bcV<\/li>\n<\/ul>\n<p>&nbsp;<\/p>\n<p>&nbsp;<\/p>\n","protected":false},"excerpt":{"rendered":"<p>Electrocardi\u00f3grafos (EKG)<\/p>\n","protected":false},"featured_media":26826,"template":"","meta":{"_acf_changed":false,"_relevanssi_hide_post":"","_relevanssi_hide_content":"","_relevanssi_pin_for_all":"","_relevanssi_pin_keywords":"","_relevanssi_unpin_keywords":"","_relevanssi_related_keywords":"","_relevanssi_related_include_ids":"","_relevanssi_related_exclude_ids":"","_relevanssi_related_no_append":"","_relevanssi_related_not_related":"","_relevanssi_related_posts":"","_relevanssi_noindex_reason":"","inline_featured_image":false},"pwb-brand":[1100],"product_brand":[],"product_cat":[49],"product_tag":[4782,4802,224,4803,1191,1309,1308,4805,1310,4804],"class_list":{"0":"post-8650","1":"product","2":"type-product","3":"status-publish","4":"has-post-thumbnail","6":"pwb-brand-equipo-medico-ge","7":"product_cat-ekg-interpretativo-y-no-interpretativo","8":"product_tag-electrocardiografos","9":"product_tag-electrocardiografos-ge","10":"product_tag-ge","11":"product_tag-ge-electrocardiografos","12":"product_tag-ge-mac","13":"product_tag-ge-mac-1600","14":"product_tag-ge-mac-1600-ekg","15":"product_tag-ge-mac-1600-electrocardiografos","16":"product_tag-ge-mac-ekg","17":"product_tag-ge-mca-electrocardiografos","19":"first","20":"instock","21":"shipping-taxable","22":"purchasable","23":"product-type-simple"},"acf":[],"brands":[{"id":1100,"name":"GE","slug":"equipo-medico-ge"}],"_links":{"self":[{"href":"https:\/\/www.somatechnology.com\/spanish\/wp-json\/wp\/v2\/product\/8650","targetHints":{"allow":["GET"]}}],"collection":[{"href":"https:\/\/www.somatechnology.com\/spanish\/wp-json\/wp\/v2\/product"}],"about":[{"href":"https:\/\/www.somatechnology.com\/spanish\/wp-json\/wp\/v2\/types\/product"}],"wp:featuredmedia":[{"embeddable":true,"href":"https:\/\/www.somatechnology.com\/spanish\/wp-json\/wp\/v2\/media\/26826"}],"wp:attachment":[{"href":"https:\/\/www.somatechnology.com\/spanish\/wp-json\/wp\/v2\/media?parent=8650"}],"wp:term":[{"taxonomy":"pwb-brand","embeddable":true,"href":"https:\/\/www.somatechnology.com\/spanish\/wp-json\/wp\/v2\/pwb-brand?post=8650"},{"taxonomy":"product_brand","embeddable":true,"href":"https:\/\/www.somatechnology.com\/spanish\/wp-json\/wp\/v2\/product_brand?post=8650"},{"taxonomy":"product_cat","embeddable":true,"href":"https:\/\/www.somatechnology.com\/spanish\/wp-json\/wp\/v2\/product_cat?post=8650"},{"taxonomy":"product_tag","embeddable":true,"href":"https:\/\/www.somatechnology.com\/spanish\/wp-json\/wp\/v2\/product_tag?post=8650"}],"curies":[{"name":"wp","href":"https:\/\/api.w.org\/{rel}","templated":true}]}}