{"id":8720,"date":"2018-02-28T20:49:30","date_gmt":"2018-02-28T20:49:30","guid":{"rendered":"https:\/\/www.somatechnology.com\/spanish\/?post_type=product&#038;p=8720"},"modified":"2025-12-11T05:19:16","modified_gmt":"2025-12-11T10:19:16","slug":"olympus-oep-4-hd-color-printer","status":"publish","type":"product","link":"https:\/\/www.somatechnology.com\/spanish\/equipo-medico-usado-remanufacturado\/sistema-de-video-endoscopia\/impresoras\/olympus-oep-4-hd-color-printer\/","title":{"rendered":"Olympus OEP 4 HD Impresora de color"},"content":{"rendered":"<div class=\"wpb-content-wrapper\"><p>[vc_row][vc_column][vc_column_text css=\u00bb\u00bb]La impresora de v\u00eddeo en color OLYMPUS OEP-4 imprime en papel de tama\u00f1o A5 y admite se\u00f1ales HDTV autom\u00e1ticamente. El OEP-4 produce impresiones de 423 puntos por pulgada (DPI) de alta resoluci\u00f3n y tiene una huella compacta con poco ruido. La impresora de v\u00eddeo a color OLYMPUS OEP-4 es ideal para aplicaciones de impresi\u00f3n exigentes.<\/p>\n<ul>\n<li>Admite se\u00f1ales HDTV autom\u00e1ticamente<\/li>\n<li>Alta resoluci\u00f3n 423 puntos por pulgada (DPI)<\/li>\n<li>Imprime 1, 2, 4 o 8 im\u00e1genes por p\u00e1gina<\/li>\n<\/ul>\n<h3>Dimensiones<\/h3>\n<ul>\n<li>Tama\u00f1: 280(W) x 125(H) x 398(D) mm<\/li>\n<li>Peso: 9 kg<\/li>\n<\/ul>\n<h3>Especificaciones de la impresi\u00f3n<\/h3>\n<ul>\n<li>Resoluci\u00f3n de impresi\u00f3n: 423 dpi<\/li>\n<li>Resoluci\u00f3n del color: sobre 16 millones<\/li>\n<li>Tama\u00f1o de papel: A5<\/li>\n<li>Entradas de v\u00eddeo: S-video, Composite, y RGBS<\/li>\n<li>Salidas de v\u00eddeo: S-video, Composite y RGBS<\/li>\n<\/ul>\n<h3>Fuente de alimentaci\u00f3n<\/h3>\n<ul>\n<li>Tensi\u00f3n de alimentaci\u00f3n: 100 \u2013 120 VAC<\/li>\n<li>Fluctuaci\u00f3n del voltaje: el \u00b1 10%<\/li>\n<li>Frecuencia de la fuente: 50\/60 hertzio<\/li>\n<li>Fluctuaci\u00f3n de la frecuencia: \u00b1 1 hertzio<\/li>\n<li>Corriente de entrada: 2.8 A<\/li>\n<\/ul>\n<p>&nbsp;<\/p>\n<div id=\"mttContainer\" class=\"notranslate\" style=\"transform: translate(-143px, 63px);\" aria-expanded=\"false\"><\/div>\n<p>[\/vc_column_text][\/vc_column][\/vc_row]<\/p>\n<\/div>","protected":false},"excerpt":{"rendered":"<p>[vc_row][vc_column][vc_column_text css=\u00bb\u00bb]La impresora de v\u00eddeo en color OLYMPUS OEP-4 imprime en papel de tama\u00f1o A5 y admite se\u00f1ales HDTV autom\u00e1ticamente. El OEP-4 produce impresiones&#8230;<\/p>\n","protected":false},"featured_media":9420,"template":"","meta":{"_acf_changed":false,"_relevanssi_hide_post":"","_relevanssi_hide_content":"","_relevanssi_pin_for_all":"","_relevanssi_pin_keywords":"","_relevanssi_unpin_keywords":"","_relevanssi_related_keywords":"","_relevanssi_related_include_ids":"","_relevanssi_related_exclude_ids":"","_relevanssi_related_no_append":"","_relevanssi_related_not_related":"","_relevanssi_related_posts":"","_relevanssi_noindex_reason":"","inline_featured_image":false},"pwb-brand":[1080],"product_brand":[],"product_cat":[84,106],"product_tag":[1385,138,1376,1384,1383,1381,1382],"class_list":{"0":"post-8720","1":"product","2":"type-product","3":"status-publish","4":"has-post-thumbnail","6":"pwb-brand-equipo-medico-olympus","7":"product_cat-sistema-de-video-endoscopia","8":"product_cat-impresoras","9":"product_tag-oep-4-hd-color-printer","10":"product_tag-olympus","11":"product_tag-olympus-oep","12":"product_tag-olympus-oep-4","13":"product_tag-olympus-oep-4-hd","14":"product_tag-olympus-oep-4-hd-color-printer","15":"product_tag-olympus-oep-4-hd-printer","17":"first","18":"instock","19":"shipping-taxable","20":"purchasable","21":"product-type-simple"},"acf":[],"brands":[{"id":1080,"name":"Olympus","slug":"equipo-medico-olympus"}],"_links":{"self":[{"href":"https:\/\/www.somatechnology.com\/spanish\/wp-json\/wp\/v2\/product\/8720","targetHints":{"allow":["GET"]}}],"collection":[{"href":"https:\/\/www.somatechnology.com\/spanish\/wp-json\/wp\/v2\/product"}],"about":[{"href":"https:\/\/www.somatechnology.com\/spanish\/wp-json\/wp\/v2\/types\/product"}],"wp:featuredmedia":[{"embeddable":true,"href":"https:\/\/www.somatechnology.com\/spanish\/wp-json\/wp\/v2\/media\/9420"}],"wp:attachment":[{"href":"https:\/\/www.somatechnology.com\/spanish\/wp-json\/wp\/v2\/media?parent=8720"}],"wp:term":[{"taxonomy":"pwb-brand","embeddable":true,"href":"https:\/\/www.somatechnology.com\/spanish\/wp-json\/wp\/v2\/pwb-brand?post=8720"},{"taxonomy":"product_brand","embeddable":true,"href":"https:\/\/www.somatechnology.com\/spanish\/wp-json\/wp\/v2\/product_brand?post=8720"},{"taxonomy":"product_cat","embeddable":true,"href":"https:\/\/www.somatechnology.com\/spanish\/wp-json\/wp\/v2\/product_cat?post=8720"},{"taxonomy":"product_tag","embeddable":true,"href":"https:\/\/www.somatechnology.com\/spanish\/wp-json\/wp\/v2\/product_tag?post=8720"}],"curies":[{"name":"wp","href":"https:\/\/api.w.org\/{rel}","templated":true}]}}