{"id":8864,"date":"2018-03-05T21:15:19","date_gmt":"2018-03-05T21:15:19","guid":{"rendered":"https:\/\/www.somatechnology.com\/spanish\/?post_type=product&#038;p=8864"},"modified":"2025-06-25T16:31:58","modified_gmt":"2025-06-25T20:31:58","slug":"drager-evita-xl","status":"publish","type":"product","link":"https:\/\/www.somatechnology.com\/spanish\/equipo-medico-usado-remanufacturado\/ventiladores\/drager-evita-xl\/","title":{"rendered":"Drager Evita XL"},"content":{"rendered":"<h2>CARACTER\u00cdSTICAS DEL DRAGER EVITA XL<\/h2>\n<p>El ventilador <strong>Drager Evita XL<\/strong> tiene un dise\u00f1o rico en caracter\u00edsticas que ayuda a los cuidadores a proporcionar una ventilaci\u00f3n \u00f3ptima desde la implementaci\u00f3n hasta el proceso de destete. El monitor responde r\u00e1pidamente a las necesidades individuales del paciente y a las situaciones de ventilaci\u00f3n, aumentando la comodidad y la seguridad del paciente.<\/p>\n<p>El ventilador Drager Evita XL ofrece ventilaci\u00f3n por m\u00e1scara con VNI plus, que en muchos casos reduce la necesidad de intubaci\u00f3n. Cuando la intubaci\u00f3n es necesaria, la monitorizaci\u00f3n de CO2 integrada en el ventilador ayuda a los cuidadores a garantizar la colocaci\u00f3n correcta y la estabilidad metab\u00f3lica. Algunas funciones de apoyo al flujo de trabajo, como la aspiraci\u00f3n rutinaria de O2 o la medici\u00f3n autom\u00e1tica de P0,1, tambi\u00e9n pueden simplificar las rutinas cl\u00ednicas. Un sistema de carro \u00fanico permite al personal maniobrar f\u00e1cilmente el ventilador Drager Evita en todo el centro de atenci\u00f3n.<\/p>\n<ul>\n<li>La unidad vers\u00e1til responde r\u00e1pidamente a las necesidades individuales de los pacientes y a las situaciones cambiantes de ventilaci\u00f3n.<\/li>\n<li>Ventilaci\u00f3n con mascarilla con VNI plus disponible en todos los modos con monitorizaci\u00f3n integral y adaptaci\u00f3n de alarmas.<\/li>\n<li>La monitorizaci\u00f3n de CO2 integrada ayuda a verificar la correcta intubaci\u00f3n y la estabilidad metab\u00f3lica.<\/li>\n<li>El paquete de protecci\u00f3n pulmonar ofrece una maniobra P\/V de bajo flujo para identificar los ajustes \u00f3ptimos de PEEP y presi\u00f3n para la ventilaci\u00f3n de protecci\u00f3n pulmonar.<\/li>\n<li>El sistema de respiraci\u00f3n abierta con AutoFlow o PCV+ permite la respiraci\u00f3n espont\u00e1nea en todos los modos de ventilaci\u00f3n.<\/li>\n<li>Las funciones de apoyo al flujo de trabajo agilizan las rutinas cl\u00ednicas.<\/li>\n<li>NeoFlow ofrece la medici\u00f3n del flujo en la pieza en Y para una respuesta r\u00e1pida a la activaci\u00f3n del paciente, la adaptaci\u00f3n de las fugas y el suministro preciso de volumen para los neonatos.<\/li>\n<li>El sistema de destete automatizado SmartCare \/ PS proporciona una vigilancia continua de las oportunidades para reducir el nivel de soporte del ventilador.<\/li>\n<li>La compensaci\u00f3n autom\u00e1tica del tubo favorece la independencia respiratoria durante el proceso de destete.<\/li>\n<li>El sistema de respiraci\u00f3n abierta con ventilaci\u00f3n por minutos obligatoria garantiza que los pacientes, desde los neonatos hasta los adultos, reciban el volumen por minuto establecido, independientemente del nivel de respiraci\u00f3n espont\u00e1nea.<\/li>\n<li>Carro maniobrable para moverse por todo el centro de atenci\u00f3n.<\/li>\n<\/ul>\n","protected":false},"excerpt":{"rendered":"<p>El ventilador Drager Evita XL tiene un dise\u00f1o rico en caracter\u00edsticas que ayuda a los cuidadores a proporcionar una ventilaci\u00f3n \u00f3ptima desde la implementaci\u00f3n hasta el proceso de destete. El monitor responde r\u00e1pidamente a las necesidades individuales del paciente y a las situaciones de ventilaci\u00f3n, aumentando la comodidad y la seguridad del paciente.<\/p>\n","protected":false},"featured_media":21811,"template":"","meta":{"_acf_changed":false,"_relevanssi_hide_post":"","_relevanssi_hide_content":"","_relevanssi_pin_for_all":"","_relevanssi_pin_keywords":"","_relevanssi_unpin_keywords":"","_relevanssi_related_keywords":"","_relevanssi_related_include_ids":"","_relevanssi_related_exclude_ids":"","_relevanssi_related_no_append":"","_relevanssi_related_not_related":"","_relevanssi_related_posts":"","_relevanssi_noindex_reason":"","inline_featured_image":false},"pwb-brand":[1122],"product_brand":[],"product_cat":[51],"product_tag":[218,1562,1565,217,1561,1563,1560,1564,1032,1028,6884,1012],"class_list":{"0":"post-8864","1":"product","2":"type-product","3":"status-publish","4":"has-post-thumbnail","6":"pwb-brand-equipo-medico-drager","7":"product_cat-ventiladores","8":"product_tag-draeger","9":"product_tag-draeger-evita","10":"product_tag-draeger-evita-xl","11":"product_tag-drager","12":"product_tag-drager-evita","13":"product_tag-drager-evita-xl","14":"product_tag-evita","15":"product_tag-evita-xl","16":"product_tag-ventilador","17":"product_tag-ventiladores","18":"product_tag-ventiladores-drager","19":"product_tag-xl","21":"first","22":"instock","23":"shipping-taxable","24":"purchasable","25":"product-type-simple"},"acf":[],"brands":[{"id":1122,"name":"Drager","slug":"equipo-medico-drager"}],"_links":{"self":[{"href":"https:\/\/www.somatechnology.com\/spanish\/wp-json\/wp\/v2\/product\/8864","targetHints":{"allow":["GET"]}}],"collection":[{"href":"https:\/\/www.somatechnology.com\/spanish\/wp-json\/wp\/v2\/product"}],"about":[{"href":"https:\/\/www.somatechnology.com\/spanish\/wp-json\/wp\/v2\/types\/product"}],"wp:featuredmedia":[{"embeddable":true,"href":"https:\/\/www.somatechnology.com\/spanish\/wp-json\/wp\/v2\/media\/21811"}],"wp:attachment":[{"href":"https:\/\/www.somatechnology.com\/spanish\/wp-json\/wp\/v2\/media?parent=8864"}],"wp:term":[{"taxonomy":"pwb-brand","embeddable":true,"href":"https:\/\/www.somatechnology.com\/spanish\/wp-json\/wp\/v2\/pwb-brand?post=8864"},{"taxonomy":"product_brand","embeddable":true,"href":"https:\/\/www.somatechnology.com\/spanish\/wp-json\/wp\/v2\/product_brand?post=8864"},{"taxonomy":"product_cat","embeddable":true,"href":"https:\/\/www.somatechnology.com\/spanish\/wp-json\/wp\/v2\/product_cat?post=8864"},{"taxonomy":"product_tag","embeddable":true,"href":"https:\/\/www.somatechnology.com\/spanish\/wp-json\/wp\/v2\/product_tag?post=8864"}],"curies":[{"name":"wp","href":"https:\/\/api.w.org\/{rel}","templated":true}]}}