{"id":8954,"date":"2018-03-07T17:29:27","date_gmt":"2018-03-07T17:29:27","guid":{"rendered":"https:\/\/www.somatechnology.com\/spanish\/?post_type=product&#038;p=8954"},"modified":"2025-06-25T16:27:01","modified_gmt":"2025-06-25T20:27:01","slug":"tbird-avs-vso2-vs","status":"publish","type":"product","link":"https:\/\/www.somatechnology.com\/spanish\/equipo-medico-usado-remanufacturado\/ventiladores\/tbird-avs-vso2-vs\/","title":{"rendered":"TBird AVS \/ VSO2 \/ VS"},"content":{"rendered":"<h2>TBird AVS\u00a0 VSO2\u00a0 VS<\/h2>\n<p>La serie TBird AVS\/VSO2\/vs es un sistema ventilatorio avanzado. Se dise\u00f1a para moverse incons\u00fatil con su paciente a trav\u00e9s del ambiente de cuidado agudo entero, sala de emergencia al sitio de funcionamiento a la sala de pacientes. El TBird emplea un sistema avanzado de la entrega de la turbina en un paquete compacto, durable y ligero, la serie de TBird proporciona la ventilaci\u00f3n mec\u00e1nica ininterrumpida para su paciente cr\u00edticamente enfermo. Ya no es necesario cambiar los ventiladores a medida que se mueve a su paciente para realizar procedimientos terap\u00e9uticos o de diagn\u00f3stico. Desemejante de la mayor\u00eda de los sistemas del ventilador de ICU que dependan de un compresor de aire o de un sistema de aire canalizado, la serie de TBird es Self-Contained.<\/p>\n<p>Su potente tecnolog\u00eda de turbinas proporciona un excelente suministro de gas sin necesidad de una fuente de aire comprimido. Esta turbina, junto con una bater\u00eda externa interna y opcional, permite que el sistema sea completamente independiente y m\u00f3vil. La serie TBird incorpora importantes caracter\u00edsticas de seguridad, como la apnea de la respiraci\u00f3n de reserva se activa autom\u00e1ticamente siempre que la apnea del paciente se detecta. La bater\u00eda interna proporciona energ\u00eda de emergencia durante un apag\u00f3n temporal, o energ\u00eda de bater\u00eda durante transporte de la corta duraci\u00f3n. Una bater\u00eda externa opcional proporciona respaldo y energ\u00eda adicionales para los transportes m\u00e1s largos. El mecanismo de bloqueo del panel frontal impide cambios accidentales en los ajustes de control durante el movimiento.<\/p>\n<h3>Modo de la energ\u00eda<\/h3>\n<ul>\n<li>On\/Standby<\/li>\n<\/ul>\n<h3>Control de volumen<\/h3>\n<ul>\n<li>Control<\/li>\n<li>Asistencia\/control<\/li>\n<li>SIMV + control de presi\u00f3n CPAP<\/li>\n<\/ul>\n<h3>Selecci\u00f3n de flujo<\/h3>\n<ul>\n<li>Cuadrado, desacelerando<\/li>\n<\/ul>\n<h3>Control de presi\u00f3n (s\u00f3lo AVS III)<\/h3>\n<ul>\n<li>Control<\/li>\n<li>Asistencia\/control<\/li>\n<li>Control de presi\u00f3n de SIMV +<\/li>\n<li>CPAP<\/li>\n<\/ul>\n<h3>Volumen de honda<\/h3>\n<ul>\n<li>50 to 2000 ml<\/li>\n<\/ul>\n<h3>Tarifa de la respiraci\u00f3n<\/h3>\n<ul>\n<li>280bpm<\/li>\n<\/ul>\n<h3>Flujo m\u00e1ximo espont\u00e1neo<\/h3>\n<ul>\n<li>10 \u2013 140 lpm<\/li>\n<li>180 lpm max280bpm<\/li>\n<\/ul>\n<h3>Sensibilidad<\/h3>\n<ul>\n<li>8 lpm<\/li>\n<\/ul>\n<h3>PEEP\/CPAP<\/h3>\n<ul>\n<li>0 to 30 cm H2O<\/li>\n<\/ul>\n<h3>Soporte de presi\u00f3n<\/h3>\n<ul>\n<li>Off, 1-60 cm H2O<\/li>\n<\/ul>\n<h3>Porcentaje de ox\u00edgeno<\/h3>\n<ul>\n<li>21 \u2013 100%<\/li>\n<\/ul>\n<h3>Pausa inspiratoria<\/h3>\n<ul>\n<li>Off, 0. 1-2 seconds<\/li>\n<\/ul>\n<h3>Flujo de sesgo<\/h3>\n<ul>\n<li>10-20 Ipm<\/li>\n<\/ul>\n<h3>Suspiro<\/h3>\n<ul>\n<li>Encendido\/apagado. Suspiro aliento cada 100 respiraciones o 7 minutos<\/li>\n<\/ul>\n<h3>Respiraci\u00f3n manual<\/h3>\n<ul>\n<li>x 1<\/li>\n<\/ul>\n<h3>Asimiento inspiratorio<\/h3>\n<ul>\n<li>6 seconds max<\/li>\n<\/ul>\n<h3>100% O2<\/h3>\n<ul>\n<li>On\/Off, 3 minutes max<\/li>\n<\/ul>\n<h3>Flujo cal<\/h3>\n<ul>\n<li>On\/Off<\/li>\n<\/ul>\n<h3>Alivio de presi\u00f3n<\/h3>\n<ul>\n<li>20-130 cmH2O<\/li>\n<\/ul>\n","protected":false},"excerpt":{"rendered":"<p>La serie TBird AVS\/VSO2\/vs es un sistema ventilatorio avanzado. Se dise\u00f1a para moverse incons\u00fatil con su paciente a trav\u00e9s del ambiente de cuidado agudo entero, sala de emergencia al sitio de funcionamiento a la sala de pacientes. El TBird emplea un sistema avanzado de la entrega de la turbina en un paquete compacto, durable y ligero, la serie de TBird proporciona la ventilaci\u00f3n mec\u00e1nica ininterrumpida para su paciente cr\u00edticamente enfermo. Ya no es necesario cambiar los ventiladores a medida que se mueve a su paciente para realizar procedimientos terap\u00e9uticos o de diagn\u00f3stico. Desemejante de la mayor\u00eda de los sistemas del ventilador de ICU que dependan de un compresor de aire o de un sistema de aire canalizado, la serie de TBird es Self-Contained.<\/p>\n","protected":false},"featured_media":22099,"template":"","meta":{"_acf_changed":false,"_relevanssi_hide_post":"","_relevanssi_hide_content":"","_relevanssi_pin_for_all":"","_relevanssi_pin_keywords":"","_relevanssi_unpin_keywords":"","_relevanssi_related_keywords":"","_relevanssi_related_include_ids":"","_relevanssi_related_exclude_ids":"","_relevanssi_related_no_append":"","_relevanssi_related_not_related":"","_relevanssi_related_posts":"","_relevanssi_noindex_reason":"","inline_featured_image":false},"pwb-brand":[1681],"product_brand":[],"product_cat":[51],"product_tag":[1684,1688,1692,1690,1683,1682,1687,1691,1689,1032,1469,1028,1686,1685],"class_list":{"0":"post-8954","1":"product","2":"type-product","3":"status-publish","4":"has-post-thumbnail","6":"pwb-brand-ventiladores-t-bird","7":"product_cat-ventiladores","8":"product_tag-avs","9":"product_tag-t-bird-avs","10":"product_tag-t-bird-vs","11":"product_tag-t-bird-vso2","12":"product_tag-t-bird","13":"product_tag-tbird","14":"product_tag-tbird-avs","15":"product_tag-tbird-vs","16":"product_tag-tbird-vso2","17":"product_tag-ventilador","18":"product_tag-ventiladore","19":"product_tag-ventiladores","20":"product_tag-vs","21":"product_tag-vso2","23":"first","24":"instock","25":"shipping-taxable","26":"purchasable","27":"product-type-simple"},"acf":[],"brands":[{"id":1681,"name":"T-Bird","slug":"ventiladores-t-bird"}],"_links":{"self":[{"href":"https:\/\/www.somatechnology.com\/spanish\/wp-json\/wp\/v2\/product\/8954","targetHints":{"allow":["GET"]}}],"collection":[{"href":"https:\/\/www.somatechnology.com\/spanish\/wp-json\/wp\/v2\/product"}],"about":[{"href":"https:\/\/www.somatechnology.com\/spanish\/wp-json\/wp\/v2\/types\/product"}],"wp:featuredmedia":[{"embeddable":true,"href":"https:\/\/www.somatechnology.com\/spanish\/wp-json\/wp\/v2\/media\/22099"}],"wp:attachment":[{"href":"https:\/\/www.somatechnology.com\/spanish\/wp-json\/wp\/v2\/media?parent=8954"}],"wp:term":[{"taxonomy":"pwb-brand","embeddable":true,"href":"https:\/\/www.somatechnology.com\/spanish\/wp-json\/wp\/v2\/pwb-brand?post=8954"},{"taxonomy":"product_brand","embeddable":true,"href":"https:\/\/www.somatechnology.com\/spanish\/wp-json\/wp\/v2\/product_brand?post=8954"},{"taxonomy":"product_cat","embeddable":true,"href":"https:\/\/www.somatechnology.com\/spanish\/wp-json\/wp\/v2\/product_cat?post=8954"},{"taxonomy":"product_tag","embeddable":true,"href":"https:\/\/www.somatechnology.com\/spanish\/wp-json\/wp\/v2\/product_tag?post=8954"}],"curies":[{"name":"wp","href":"https:\/\/api.w.org\/{rel}","templated":true}]}}