{"id":8976,"date":"2018-03-07T18:59:31","date_gmt":"2018-03-07T18:59:31","guid":{"rendered":"https:\/\/www.somatechnology.com\/spanish\/?post_type=product&#038;p=8976"},"modified":"2025-06-25T16:25:16","modified_gmt":"2025-06-25T20:25:16","slug":"bio-med-crossvent-3-plus","status":"publish","type":"product","link":"https:\/\/www.somatechnology.com\/spanish\/equipo-medico-usado-remanufacturado\/ventiladores\/bio-med-crossvent-3-plus\/","title":{"rendered":"Bio-Med Crossvent 3+"},"content":{"rendered":"<h2>Bio-Med Crossvent 3+<\/h2>\n<p>Usted puede pedir el CrossVent 3 + en cualquiera de las tres configuraciones: est\u00e1ndar, con los dispositivos bio-Med licuadora de aire\/ox\u00edgeno, adjunta o con el arrastre de aire. La licuadora adjunta permite al usuario ajustar la concentraci\u00f3n de ox\u00edgeno del 21% al 100%. Las unidades con arrastre de aire pueden suministrar ox\u00edgeno 100% o un 50% de ox\u00edgeno nominal sin necesidad de una fuente de suministro de aire exterior. El mecanismo \u00fanico del venturi incorporado en la unidad aumenta vida del tanque de ox\u00edgeno mezclando el aire ambiente con el ox\u00edgeno de la fuente.<\/p>\n<ul>\n<li>Dise\u00f1o ultra-compacto y ligero<\/li>\n<li>Eficacia de gas incomparable<\/li>\n<li>Larga duraci\u00f3n de la bater\u00eda<\/li>\n<li>M\u00faltiples modos de ventilaci\u00f3n<\/li>\n<li>PEEP incorporado<\/li>\n<li>LED indicador de alimentaci\u00f3n<\/li>\n<li>Conexiones de circuito a prueba de infalible<\/li>\n<\/ul>\n<h3>Informaci\u00f3n General<\/h3>\n<ul>\n<li>Rango de par\u00e1metros<\/li>\n<li>Tasa 5-150 BPM<\/li>\n<li>Volumen de marea 5-2500 ml<\/li>\n<li>Tiempo inspiratorio 0.10 \u2013 3.0 segundos cociente de I\/E 3:1 a 1:99<\/li>\n<li>Caudal 1-120 LPM<\/li>\n<li>Pico de presi\u00f3n 0-120 cmH2O<\/li>\n<li>PEEP pressure 0-35 cmH2O<\/li>\n<li>Gatillo de presi\u00f3n-.2 a \u2013 10 cmH2O<\/li>\n<li>Ayuda 0-50 cmH2O de la presi\u00f3n<\/li>\n<li>SIMV la tarifa 0.6-50 BPM<\/li>\n<li>Sensor de O2 21-100%<\/li>\n<li>Suspiro 0-2500 ml<\/li>\n<li>Los modos de ventilaci\u00f3n ayudan a controlar | SIMV CPAP | Soporte de presi\u00f3n | Suspiro<\/li>\n<\/ul>\n<p>&nbsp;<\/p>\n","protected":false},"excerpt":{"rendered":"<p>Usted puede pedir el CrossVent 3 + en cualquiera de las tres configuraciones: est\u00e1ndar, con los dispositivos bio-Med licuadora de aire\/ox\u00edgeno, adjunta o con el arrastre de aire. La licuadora adjunta permite al usuario ajustar la concentraci\u00f3n de ox\u00edgeno del 21% al 100%. Las unidades con arrastre de aire pueden suministrar ox\u00edgeno 100% o un 50% de ox\u00edgeno nominal sin necesidad de una fuente de suministro de aire exterior. El mecanismo \u00fanico del venturi incorporado en la unidad aumenta vida del tanque de ox\u00edgeno mezclando el aire ambiente con el ox\u00edgeno de la fuente.<\/p>\n","protected":false},"featured_media":21535,"template":"","meta":{"_acf_changed":false,"_relevanssi_hide_post":"","_relevanssi_hide_content":"","_relevanssi_pin_for_all":"","_relevanssi_pin_keywords":"","_relevanssi_unpin_keywords":"","_relevanssi_related_keywords":"","_relevanssi_related_include_ids":"","_relevanssi_related_exclude_ids":"","_relevanssi_related_no_append":"","_relevanssi_related_not_related":"","_relevanssi_related_posts":"","_relevanssi_noindex_reason":"","inline_featured_image":false},"pwb-brand":[1711],"product_brand":[],"product_cat":[51,4780],"product_tag":[1731,1730,1728,1714,1734,1733,1725,1724,1715,1727,1726,1716,1732,1729,1032,1469,1028],"class_list":{"0":"post-8976","1":"product","2":"type-product","3":"status-publish","4":"has-post-thumbnail","6":"pwb-brand-ventiladores-bio-med","7":"product_cat-ventiladores","8":"product_cat-ventiladores-portatil","9":"product_tag-3-plus","10":"product_tag-1730","11":"product_tag-bio-med-ventiladores","12":"product_tag-bio-med","13":"product_tag-bio-med-crossvent-3-plus","14":"product_tag-bio-med-crossvent-3","15":"product_tag-bio-med-ventilador","16":"product_tag-bio-med-ventiladors","17":"product_tag-biomed","18":"product_tag-biomed-ventilador","19":"product_tag-biomed-ventiladores","20":"product_tag-crossvent","21":"product_tag-crossvent-3-plus","22":"product_tag-crossvent-3","23":"product_tag-ventilador","24":"product_tag-ventiladore","25":"product_tag-ventiladores","27":"first","28":"instock","29":"shipping-taxable","30":"purchasable","31":"product-type-simple"},"acf":[],"brands":[{"id":1711,"name":"Bio-Med","slug":"ventiladores-bio-med"}],"_links":{"self":[{"href":"https:\/\/www.somatechnology.com\/spanish\/wp-json\/wp\/v2\/product\/8976","targetHints":{"allow":["GET"]}}],"collection":[{"href":"https:\/\/www.somatechnology.com\/spanish\/wp-json\/wp\/v2\/product"}],"about":[{"href":"https:\/\/www.somatechnology.com\/spanish\/wp-json\/wp\/v2\/types\/product"}],"wp:featuredmedia":[{"embeddable":true,"href":"https:\/\/www.somatechnology.com\/spanish\/wp-json\/wp\/v2\/media\/21535"}],"wp:attachment":[{"href":"https:\/\/www.somatechnology.com\/spanish\/wp-json\/wp\/v2\/media?parent=8976"}],"wp:term":[{"taxonomy":"pwb-brand","embeddable":true,"href":"https:\/\/www.somatechnology.com\/spanish\/wp-json\/wp\/v2\/pwb-brand?post=8976"},{"taxonomy":"product_brand","embeddable":true,"href":"https:\/\/www.somatechnology.com\/spanish\/wp-json\/wp\/v2\/product_brand?post=8976"},{"taxonomy":"product_cat","embeddable":true,"href":"https:\/\/www.somatechnology.com\/spanish\/wp-json\/wp\/v2\/product_cat?post=8976"},{"taxonomy":"product_tag","embeddable":true,"href":"https:\/\/www.somatechnology.com\/spanish\/wp-json\/wp\/v2\/product_tag?post=8976"}],"curies":[{"name":"wp","href":"https:\/\/api.w.org\/{rel}","templated":true}]}}