{"id":9000,"date":"2018-03-08T20:58:44","date_gmt":"2018-03-08T20:58:44","guid":{"rendered":"https:\/\/www.somatechnology.com\/spanish\/?post_type=product&#038;p=9000"},"modified":"2025-06-24T16:32:03","modified_gmt":"2025-06-24T20:32:03","slug":"drager-evita-infinity-v500","status":"publish","type":"product","link":"https:\/\/www.somatechnology.com\/spanish\/equipo-medico-usado-remanufacturado\/ventiladores\/drager-evita-infinity-v500\/","title":{"rendered":"Drager Evita Infinity V500"},"content":{"rendered":"<h2>CARACTER\u00cdSTICAS DE DRAGER EVITA INFINITY V500<\/h2>\n<p>El <strong>Drager Evita Infinity V500<\/strong> puede utilizarse en pacientes adultos, pedi\u00e1tricos y neonatales. El Drager v500 es un sistema de ventilaci\u00f3n avanzado que se utiliza para la asistencia respiratoria aguda. Proporciona ventilaci\u00f3n invasiva y no invasiva junto con funciones completas de monitorizaci\u00f3n y tratamiento. La pantalla de monitorizaci\u00f3n viene con una barra de alarma omnidireccional, que puede verse desde cualquier punto de la habitaci\u00f3n del paciente. El Ventilador Evita V500 es reconocido por su completa fuga en la interfaz del paciente. Al compensar r\u00e1pidamente ajustando tanto los disparos como los puntos de terminaci\u00f3n.<\/p>\n<ul>\n<li>Herramientas de diagn\u00f3stico pulmonar como Flujo bajo.<\/li>\n<li>Monitorizaci\u00f3n Volum\u00e9trica de CO2.<\/li>\n<li>Par\u00e1metros de destete.<\/li>\n<li>Soporte de presi\u00f3n variable.<\/li>\n<li>Ventilaci\u00f3n no invasiva en todos los modos y en todas las categor\u00edas de pacientes.<\/li>\n<li>Exportaci\u00f3n de datos mediante interfaz USB.<\/li>\n<li>Configuraciones de pantalla flexibles.<\/li>\n<\/ul>\n<h2>ESPECIFICACIONES DE DRAGER EVITA INFINITY V500<\/h2>\n<h3>Dimensiones<\/h3>\n<ul>\n<li>Altura: 55.3 pulg (142 cm)<\/li>\n<li>Anchura: 22.7 pulg (57.7 cm)<\/li>\n<li>Profundidad: 27.1 pulg (68.7 cm)<\/li>\n<li>Peso: 130 lbs. (59 kg)<\/li>\n<\/ul>\n<h3>Pantalla<\/h3>\n<ul>\n<li>Tipo: Pantalla t\u00e1ctil en color TFT<\/li>\n<li>Tama\u00f1o: 17 pulg (43.2 cm) (Diagonal)<\/li>\n<li>Entradas\/Salidas: 3 conectores externos RS232 (9 pines); 6 puertos USB para la recogida de datos; 3 DVI para la salida de v\u00eddeo digital; 1 puerto LAN; 2 conectores Ethernet RJ 45<\/li>\n<\/ul>\n<h3>Tipos de Pacientes<\/h3>\n<ul>\n<li>Adultos, pacientes pedi\u00e1tricos y neonatos<\/li>\n<\/ul>\n<h3>Modos de Ventilaci\u00f3n<\/h3>\n<ul>\n<li>Ventilaci\u00f3n con Control de Volumen: VC-CMV, VC-SIMV, VC-AC, VC-MMV<\/li>\n<li>Ventilaci\u00f3n Controlada por Presi\u00f3n: PC-CMV; PC-BIPAP1 \/ SIMV+; PC-SIMV; PC-AC; PC-APRV; PC-PSV<\/li>\n<li>Apoyo a la Respiraci\u00f3n Espont\u00e1nea: SPN-CPAP\/PS; SPN-CPAP\/VS; SPN-CPAP; SPN-PPS<\/li>\n<\/ul>\n<h3>Ampliaciones<\/h3>\n<ul>\n<li>AutoFlow \/ Garant\u00eda de volumen (VC-AC)<\/li>\n<li>Soporte de Presi\u00f3n Variable<\/li>\n<li>Vista Pulmonar Inteligente<\/li>\n<li>Compensaci\u00f3n Autom\u00e1tica de Tubos (ATC)<\/li>\n<li>Ventilaci\u00f3n con M\u00e1scara (NIV)<\/li>\n<li>SmartCare\/PS 2.0 &#8211; Protocolo cl\u00ednico automatizado en SPN-CPAP\/PS<\/li>\n<li>Lazo PV de bajo flujo<\/li>\n<li>O2-terapia<\/li>\n<\/ul>\n<h3>Procedimientos Especiales<\/h3>\n<ul>\n<li>Maniobra de Aspiraci\u00f3n<\/li>\n<li>Inspiraci\u00f3n\/Retenci\u00f3n Manual<\/li>\n<li>Nebulizaci\u00f3n de Medicamentos<\/li>\n<li>P0.1<\/li>\n<li>PEEPi<\/li>\n<li>NIF<\/li>\n<\/ul>\n<h3>Tipos de Terapia<\/h3>\n<ul>\n<li>Ventilaci\u00f3n invasiva (tubo)<\/li>\n<li>Ventilaci\u00f3n no invasiva (VNI)<\/li>\n<li>O2-terapia<\/li>\n<\/ul>\n<h3>Suministro de Gas<\/h3>\n<ul>\n<li>Presi\u00f3n del man\u00f3metro de O2: de 2.7 a 6.0 bares (o de 270 a 600 kPa o de 39 a 87 psi)<\/li>\n<li>Presi\u00f3n del man\u00f3metro de aire: 2.7 a 6.0 bar (o 270 a 600 kPa o 39 a 87 psi)<\/li>\n<\/ul>\n<h3>Presiones<\/h3>\n<ul>\n<li>Presi\u00f3n inspiratoria (Pinsp) 1 a 95 mbar (o hPa o cmH2O)<\/li>\n<li>L\u00edmite de presi\u00f3n inspiratoria (Pmax) 2 a 100 mbar (o hPa o cmH2O)<\/li>\n<li>PEEP \/ PEEP intermitente (\u0394intPEEP) 0 a 50 mbar (o hPa o cmH2O)<\/li>\n<li>Presi\u00f3n asistida (Psupp) 0 a 95 mbar (o hPa o cmH2O)<\/li>\n<\/ul>\n<h3>Informaci\u00f3n General<\/h3>\n<ul>\n<li>Frecuencia de ventilaci\u00f3n (RR) Adultos 0.5 a 98\/min; pacientes pedi\u00e1tricos, neonatos 0.5 a 150\/min<\/li>\n<li>Tiempo de inspiraci\u00f3n (Ti): Adultos 0.11 a 10 s; pacientes pedi\u00e1tricos, neonatos 0.1 a 10 s<\/li>\n<li>Volumen tidal (VT): Adultos 0.1 a 3.0 L; pacientes pedi\u00e1tricos 0.02 a 0.3 L; neonatos 0.002 a 0.1 L<\/li>\n<li>Flujo inspiratorio (Flujo): Adultos 2 a 120 L\/min; pacientes pedi\u00e1tricos, neonatos 2 a 30 L\/min<\/li>\n<li>Tiempo de subida de la presi\u00f3n asistida (Pendiente): Adultos, pacientes pedi\u00e1tricos 0 a 2 s; neonatos 0 a 1.5 s<\/li>\n<li>Concentraci\u00f3n de O2 (FiO2): 21 a 100 Vol.<\/li>\n<li>Sensibilidad de activaci\u00f3n (Flow trigger): 0.2 a 15 L\/min<\/li>\n<li>Terapia de O2: Flujo continuo de 2 a 50 L\/min; concentraci\u00f3n de O2 FiO2 de 21 a 100 Vol%.<\/li>\n<li>Compensaci\u00f3n autom\u00e1tica del tubo (ATC): Di\u00e1metro interior del tubo \u00d8\n<ul>\n<li>Tubo endotraqueal ET: Adultos 5 a 12 mm (0.2 a 0.47 pulgadas); Pacientes pedi\u00e1tricos 2 a 8 mm (0.08 a 0.31 pulgadas); Neonatos 2 a 5 mm (0.08 a 0.2 pulgadas)<\/li>\n<li>Tubo de traqueostoma (Trach.): Adultos 5 a 12 mm (0.2 a 0.47 pulgadas); Pacientes pedi\u00e1tricos 2.5 a 8 mm (0.1 a 0.31 pulgadas)<\/li>\n<li>Grado de compensaci\u00f3n de 0 a 100 %.<\/li>\n<\/ul>\n<\/li>\n<\/ul>\n<h3>Ventilaci\u00f3n con Liberaci\u00f3n de Presi\u00f3n (PS-APRV)<\/h3>\n<ul>\n<li>Tiempo inspiratorio (Thigh): 0.1 a 30 s<\/li>\n<li>Tiempo espiratorio (Tlow): 0.05 a 30 s<\/li>\n<li>Tiempo m\u00e1ximo de nivel de presi\u00f3n bajo en APRV\/PEF (Tlow max): 0.05 a 30 s<\/li>\n<li>Presi\u00f3n inspiratoria (Phigh): 1 a 95 mbar (o hPa o cmH2O)<\/li>\n<li>Presi\u00f3n espiratoria (Plow): de 0 a 50 mbar (o hPa o cmH2O)<\/li>\n<li>Criterio de terminaci\u00f3n (flujo espiratorio m\u00e1ximo) (Exp. term.): 1 a 80 % (PEF)<\/li>\n<\/ul>\n<h3>Valores de Medici\u00f3n Mostrados<\/h3>\n<ul>\n<li>Presi\u00f3n de Meseta (Pplat)<\/li>\n<li>Presi\u00f3n positiva al final de la espiraci\u00f3n (PEEP)<\/li>\n<li>Presi\u00f3n positiva al final de la espiraci\u00f3n (PIP)<\/li>\n<li>Presi\u00f3n media de las v\u00edas respiratorias (Pmean)<\/li>\n<li>Presi\u00f3n m\u00ednima de las v\u00edas respiratorias (Pmin)<\/li>\n<li>Rango de -60 a 120 mbar (o hPa o cmH2O)<\/li>\n<\/ul>\n<h3>Medici\u00f3n del Volumen por Minuto<\/h3>\n<ul>\n<li>Volumen minuto espiratorio (MVe)<\/li>\n<li>Volumen minuto inspiratorio (MVi)<\/li>\n<li>Volumen minuto total (MV)<\/li>\n<li>Volumen minuto obligatorio (MVmand)<\/li>\n<li>Volumen minuto espiratorio espont\u00e1neo (MVspon)<\/li>\n<li>Rango de 0 a 99 L\/min BTPS<\/li>\n<\/ul>\n<h3>Medici\u00f3n del Volumen Tidal<\/h3>\n<ul>\n<li>Volumen tidal (VT)<\/li>\n<li>Volumen corriente inspiratorio (no compensado por fugas) de las respiraciones obligatorias (VTimand)<\/li>\n<li>Volumen tidal espiratorio (sin compensaci\u00f3n de fugas) de las respiraciones obligatorias (VTdemand)<\/li>\n<li>Volumen tidal inspiratorio (sin compensaci\u00f3n de fugas) de las respiraciones espont\u00e1neas (VTispon)<\/li>\n<li>Rango de 0 a 5,500 mL BTPS<\/li>\n<\/ul>\n<h3>Medici\u00f3n de la Frecuencia Respiratoria<\/h3>\n<ul>\n<li>Frecuencia respiratoria (RR)<\/li>\n<li>Frecuencia respiratoria obligatoria (RRmand)<\/li>\n<li>Frecuencia respiratoria espont\u00e1nea (RRspon)<\/li>\n<li>Rango de 0\/min a 300\/min<\/li>\n<\/ul>\n<h3>Medici\u00f3n de O2 (lado inspiratorio)<\/h3>\n<ul>\n<li>Concentraci\u00f3n de O2 inspiratoria (FiO2)<\/li>\n<li>Rango de 18 a 100 Vol%.<\/li>\n<\/ul>\n<h3>Medici\u00f3n de CO2 en el flujo principal (s\u00f3lo para adultos y pacientes pedi\u00e1tricos)<\/h3>\n<ul>\n<li>Concentraci\u00f3n de CO2 al final de la espiraci\u00f3n (etCO2)<\/li>\n<li>Rango de 0 a 100 mmHg<\/li>\n<\/ul>\n<h3>Valores de Medici\u00f3n Calculados<\/h3>\n<ul>\n<li>Conformidad (C): Rango de 0 a 650 mL\/mbar (o mL\/cmH2O)<\/li>\n<li>Resistencia (R): Rango de 0 a 1,000 mbar \/ (L\/s) (o cmH2O \/ (L\/s))<\/li>\n<li>Volumen minuto de fuga (MVleak): Rango de 0 a 99 L\/min<\/li>\n<li>Respiraci\u00f3n superficial r\u00e1pida (RSB): Rango de 0 a 9999 (\/min\/L)<\/li>\n<li>Fuerza inspiratoria negativa (NIF): Rango -80 mbar a 0 mbar (o hPa o cmH2O)<\/li>\n<li>Presi\u00f3n de oclusi\u00f3n P0.1: Rango de -60 a 130 mbar (o hPa o cmH2O)<\/li>\n<li>Visualizaci\u00f3n de las curvas: Presi\u00f3n de la v\u00eda a\u00e9rea Paw (t) -30 a 100 mbar (o hPa o cmH2O); Flujo (t) -180 a 180 L\/min; Volumen V (t) 2 a 3.000 mL; Concentraci\u00f3n Exp. Concentraci\u00f3n de CO2 (etCO2) 0 a 100 mmHg<\/li>\n<\/ul>\n<h2>M\u00c1S INFORMACI\u00d3N SOBRE EL DRAGER EVITA INFINITY V500 VENTILADOR<\/h2>\n<h3>Marcando nuevas tendencias en ventilaci\u00f3n<\/h3>\n<p>El Evita Infinity V500 es una unidad de ventilaci\u00f3n muy avanzada para su uso en la asistencia respiratoria de cuidados intensivos para adultos, pedi\u00e1tricos y beb\u00e9s. Al ofrecer capacidades de ventilaci\u00f3n de alto rendimiento, monitorizaci\u00f3n integral y funciones de tratamiento eficaces, Evita Infinity V500 es la opci\u00f3n ideal para los m\u00e9dicos de cuidados respiratorios y los intensivistas.<\/p>\n<p>Una amplia gama de opciones de tratamiento le permiten gestionar las necesidades de pr\u00e1cticamente cualquier paciente agudo. Estas opciones incluyen<\/p>\n<ul>\n<li>Maniobra de lazo PV de bajo flujo<\/li>\n<li>Presi\u00f3n QuickSet y I: E Link<\/li>\n<li>Destete automatizado y basado en el conocimiento con SmartCare\/PS<\/li>\n<\/ul>\n<p>Este sistema le ayuda a gestionar con \u00e9xito uno de los problemas m\u00e1s comunes en la ventilaci\u00f3n no invasiva, que son las fugas en la interfaz del paciente. Evita Infinity V500 reconoce y compensa las fugas r\u00e1pidamente ajustando los puntos de activaci\u00f3n y terminaci\u00f3n inspiratoria. Por lo tanto, se mantiene una sincron\u00eda \u00f3ptima.<\/p>\n<h3>PS Variable<\/h3>\n<p>La PS variable genera ajustes aleatorios en el nivel de soporte de la presi\u00f3n inspiratoria. Esta variaci\u00f3n simula las variaciones naturales de los sistemas biol\u00f3gicos, como la respiraci\u00f3n.<\/p>\n<h3>M\u00f3vil<\/h3>\n<p>Ventilaci\u00f3n de alto rendimiento durante el transporte: los pacientes cr\u00edticos requieren pruebas de diagn\u00f3stico fuera de la UCI. El Evita Infinity V500 es capaz de mantener una terapia de alto nivel fuera de la UCI sin compromiso.<\/p>\n<p>Con el GS500 opcional, Evita Infinity V500 est\u00e1 equipado con su propia fuente de suministro de aire accionada por turbina. La fuente de alimentaci\u00f3n opcional PS500 proporciona independencia de la electricidad de CA.<\/p>\n<p>El carro m\u00f3vil tambi\u00e9n se puede adaptar para transportar botellas de ox\u00edgeno para cumplir completamente con los requisitos de transporte.<\/p>\n<h3>Integrado<\/h3>\n<p>La pantalla de monitorizaci\u00f3n del Evita Infinity V500 utiliza una barra de alarma omnidireccional que puede verse f\u00e1cilmente desde cualquier punto de la habitaci\u00f3n del paciente. Esto permite visualizar m\u00e1s f\u00e1cilmente las condiciones del paciente, aumentando as\u00ed la seguridad en la UCI.<\/p>\n<p>La interfaz de usuario cuenta con multitud de puertos de salida, como USB, RS232, DVI y Ethernet. Esto permite un alto grado de flexibilidad a la hora de conectarse a otros dispositivos interconectados. Los protocolos est\u00e1ndar de Medibus se adaptan f\u00e1cilmente tanto a las empresas de monitorizaci\u00f3n como a las de informaci\u00f3n.<\/p>\n<p>Con unos sencillos pasos, los datos del ventilador y del paciente pueden descargarse f\u00e1cilmente a una memoria USB para el seguimiento o la investigaci\u00f3n. Evita, Infinity, QuickSet y SmartCare son marcas registradas de Dr\u00e4ger<\/p>\n<h3>Inteligente<\/h3>\n<p>Dise\u00f1ado pensando en el cl\u00ednico, el Evita Infinity V500 se cre\u00f3 para agilizar el flujo de trabajo, as\u00ed como para proporcionar una ventilaci\u00f3n sofisticada con funciones sencillas y f\u00e1ciles de usar, como:<\/p>\n<ul>\n<li>SmartCare\/PS- incorpora un protocolo de destete automatizado basado en el conocimiento con la flexibilidad de individualizar el cuidado a trav\u00e9s de par\u00e1metros configurables del paciente.<\/li>\n<li>Smart Pulmonary View- transforma los datos brutos del paciente en informaci\u00f3n visual \u00fatil a pie de cama. Esto ayuda a reducir la carga de trabajo cognitivo del personal de la UCI y alerta r\u00e1pidamente a los m\u00e9dicos de los cambios en el estado pulmonar de los pacientes.<\/li>\n<li>Instrucciones de uso accesibles: permite al m\u00e9dico acceder a las instrucciones de uso a trav\u00e9s de la pantalla de la interfaz de usuario. Esto permite la asistencia junto a la cama cuando m\u00e1s se necesita.<\/li>\n<\/ul>\n<h3>Informaci\u00f3n General sobre los Ventiladores<\/h3>\n<p><strong>Ventilaci\u00f3n Mec\u00e1nica<\/strong><\/p>\n<ul>\n<li>Uso de una m\u00e1quina para inducir el inflado y desinflado alternativo de los pulmones con aire<\/li>\n<li>Regula los niveles de ox\u00edgeno\/CO2 en la sangre<\/li>\n<li>Se controla el volumen y la presi\u00f3n del aire forzado en los pulmones<\/li>\n<li>Tiene que satisfacer las diferentes demandas de ventilaci\u00f3n del paciente<\/li>\n<\/ul>\n<p><strong>Modos de ventilaci\u00f3n<\/strong><\/p>\n<ul>\n<li>Control del volumen<\/li>\n<li>Control de la presi\u00f3n<\/li>\n<li>CPAP\/BIPAP<\/li>\n<li>Ventilaci\u00f3n de soporte<\/li>\n<li>Combinaci\u00f3n de modos<\/li>\n<li>Ventilaci\u00f3n obligatoria intermitente<\/li>\n<\/ul>\n<h3>Componentes del Sistema de Ventilaci\u00f3n<\/h3>\n<ul>\n<li>Fuente de gas comprimido<\/li>\n<li>Circuito respiratorio del paciente<\/li>\n<li>Mezclador\/Blender<\/li>\n<li>Mangueras<\/li>\n<li>Monitorizaci\u00f3n opcional\n<ul>\n<li>O2<\/li>\n<li>Volumen<\/li>\n<\/ul>\n<\/li>\n<\/ul>\n<h3>Clasificaci\u00f3n<\/h3>\n<ul>\n<li>Mecanismo de accionamiento<\/li>\n<li>Neum\u00e1tico (Mark 7)<\/li>\n<li>Electr\u00f3nico (Siemens 900C)Funci\u00f3n<\/li>\n<li>Respiradores: Soporte ventilatorio de corta duraci\u00f3n<\/li>\n<li>Ventiladores convencionales: soporte de larga duraci\u00f3n, soporte avanzado Portabilidad<\/li>\n<li>Transporte\/reserva de la bater\u00eda Pacientes Adultos Pedi\u00e1tricos o Neonatales<\/li>\n<\/ul>\n<h3>Tecnolog\u00edas y Jerga<\/h3>\n<ul>\n<li>Tecnolog\u00eda de turbina<\/li>\n<li>Ventilaci\u00f3n oscilatoria de alta frecuencia<\/li>\n<li>Modos IMV, SIMV, PC, VC, S\/T, etc.<\/li>\n<li>Compatible con IRM (componentes no ferromagn\u00e9ticos)<\/li>\n<li>Sensores de flujo- Mediciones de volumen<\/li>\n<li>Transductores de Presi\u00f3n<\/li>\n<\/ul>\n<h3>Ventilador Drager Evita Infinity V500 Reconstruido<\/h3>\n<p>Soma Tech Intl. ofrece los ventiladores Drager Evita Infinity V500 hasta un 50% por debajo de los precios originales con el mismo servicio y garant\u00eda que los nuevos. Soma Tech reacondiciona t\u00e9cnica y cosm\u00e9ticamente estos ventiladores v500 de vuelta a las especificaciones originales del fabricante de ingenier\u00eda. Utilizando ingenieros biom\u00e9dicos internos altamente cualificados, formados y certificados, estas unidades se prueban completamente, se desmontan y, si es necesario, se sustituyen las piezas. Una vez que todas las partes de los ventiladores Drager Infinity V500 est\u00e1n en orden de trabajo, los ventiladores son calibrados de nuevo a las especificaciones del OEM, para asegurarse de que funciona exactamente de la manera que lo hizo cuando originalmente sali\u00f3 del fabricante. Soma Tech Intl no s\u00f3lo reacondiciona el producto, sino que cada unidad tambi\u00e9n pasa por un proceso especial de restauraci\u00f3n cosm\u00e9tica. El Drager V500 se limpia y se reparan los peque\u00f1os ara\u00f1azos y abolladuras, y se sustituyen las calcoman\u00edas si es necesario.<\/p>\n<p>Soma Tech tambi\u00e9n compra ventiladores Drager V500 usados y de segunda mano. Si usted o su centro quiere vender sus mesas quir\u00fargicas, Soma Tech Intl tiene un departamento de compras experimentado que hace que el proceso sea un dolor de cabeza y sin complicaciones. Al vender su serie V500 a Soma, no hay necesidad de un intermediario, es una transacci\u00f3n directa a Soma que asegura que usted obtiene el mejor precio por su equipo m\u00e9dico. Soma Tech Intl no s\u00f3lo compra ventiladores, sino que tambi\u00e9n comprar\u00eda una amplia variedad de equipos m\u00e9dicos diferentes si su centro m\u00e9dico est\u00e1 buscando liberar espacio. Si usted tiene equipo m\u00e9dico que gustar\u00eda vender, env\u00edenos un mensaje a Buyer@SomaTechnology.com.<\/p>\n","protected":false},"excerpt":{"rendered":"<p>El Drager Evita Infinity V500 puede utilizarse en pacientes adultos, pedi\u00e1tricos y neonatales. El Drager v500 es un sistema de ventilaci\u00f3n avanzado que se utiliza para la asistencia respiratoria aguda. Proporciona ventilaci\u00f3n invasiva y no invasiva junto con funciones completas de monitorizaci\u00f3n y tratamiento. La pantalla de monitorizaci\u00f3n viene con una barra de alarma omnidireccional, que puede verse desde cualquier punto de la habitaci\u00f3n del paciente. El Ventilador Evita V500 es reconocido por su completa fuga en la interfaz del paciente. Al compensar r\u00e1pidamente ajustando tanto los disparos como los puntos de terminaci\u00f3n.<\/p>\n","protected":false},"featured_media":20469,"template":"","meta":{"_acf_changed":false,"_relevanssi_hide_post":"","_relevanssi_hide_content":"","_relevanssi_pin_for_all":"","_relevanssi_pin_keywords":"","_relevanssi_unpin_keywords":"","_relevanssi_related_keywords":"","_relevanssi_related_include_ids":"","_relevanssi_related_exclude_ids":"","_relevanssi_related_no_append":"","_relevanssi_related_not_related":"","_relevanssi_related_posts":"","_relevanssi_noindex_reason":"","inline_featured_image":false},"pwb-brand":[1122],"product_brand":[],"product_cat":[51],"product_tag":[217,1561,1758,1765,1764,1767,1761,1560,1759,1766,1762,1757,1763,1760,1032,1469,1028,6884],"class_list":{"0":"post-9000","1":"product","2":"type-product","3":"status-publish","4":"has-post-thumbnail","6":"pwb-brand-equipo-medico-drager","7":"product_cat-ventiladores","8":"product_tag-drager","9":"product_tag-drager-evita","10":"product_tag-drager-evita-infinity","11":"product_tag-drager-evita-infinity-v500","12":"product_tag-drager-evita-v500","13":"product_tag-drager-infinity-v500","14":"product_tag-drager-v500","15":"product_tag-evita","16":"product_tag-evita-infinity","17":"product_tag-evita-infinity-v500","18":"product_tag-evita-v500","19":"product_tag-infinity","20":"product_tag-infinity-v500","21":"product_tag-v500","22":"product_tag-ventilador","23":"product_tag-ventiladore","24":"product_tag-ventiladores","25":"product_tag-ventiladores-drager","27":"first","28":"instock","29":"shipping-taxable","30":"purchasable","31":"product-type-simple"},"acf":[],"brands":[{"id":1122,"name":"Drager","slug":"equipo-medico-drager"}],"_links":{"self":[{"href":"https:\/\/www.somatechnology.com\/spanish\/wp-json\/wp\/v2\/product\/9000","targetHints":{"allow":["GET"]}}],"collection":[{"href":"https:\/\/www.somatechnology.com\/spanish\/wp-json\/wp\/v2\/product"}],"about":[{"href":"https:\/\/www.somatechnology.com\/spanish\/wp-json\/wp\/v2\/types\/product"}],"wp:featuredmedia":[{"embeddable":true,"href":"https:\/\/www.somatechnology.com\/spanish\/wp-json\/wp\/v2\/media\/20469"}],"wp:attachment":[{"href":"https:\/\/www.somatechnology.com\/spanish\/wp-json\/wp\/v2\/media?parent=9000"}],"wp:term":[{"taxonomy":"pwb-brand","embeddable":true,"href":"https:\/\/www.somatechnology.com\/spanish\/wp-json\/wp\/v2\/pwb-brand?post=9000"},{"taxonomy":"product_brand","embeddable":true,"href":"https:\/\/www.somatechnology.com\/spanish\/wp-json\/wp\/v2\/product_brand?post=9000"},{"taxonomy":"product_cat","embeddable":true,"href":"https:\/\/www.somatechnology.com\/spanish\/wp-json\/wp\/v2\/product_cat?post=9000"},{"taxonomy":"product_tag","embeddable":true,"href":"https:\/\/www.somatechnology.com\/spanish\/wp-json\/wp\/v2\/product_tag?post=9000"}],"curies":[{"name":"wp","href":"https:\/\/api.w.org\/{rel}","templated":true}]}}