{"id":9026,"date":"2018-03-09T17:54:58","date_gmt":"2018-03-09T17:54:58","guid":{"rendered":"https:\/\/www.somatechnology.com\/spanish\/?post_type=product&#038;p=9026"},"modified":"2025-06-24T16:25:11","modified_gmt":"2025-06-24T20:25:11","slug":"vyaire-3100b","status":"publish","type":"product","link":"https:\/\/www.somatechnology.com\/spanish\/equipo-medico-usado-remanufacturado\/ventiladores\/vyaire-3100b\/","title":{"rendered":"Vyaire 3100b"},"content":{"rendered":"<h2>Caracter\u00edsticas del Vyaire 3100b<\/h2>\n<p>Basado en la tecnolog\u00eda establecida del ventilador 3100A, el Vyaire 3100B AROAF agrega las capacidades de rendimiento mejoradas necesarias para la ventilaci\u00f3n adulta. Est\u00e1 homologado para el tratamiento de la insuficiencia respiratoria aguda en adultos y ni\u00f1os que pesen m\u00e1s de 35 kilogramos.<\/p>\n<ul>\n<li>Produce una exhalaci\u00f3n activa, que es esencial en las tasas respiratorias de alta frecuencia para prevenir la captura de aire que puede ocurrir con la exhalaci\u00f3n pasiva.<\/li>\n<li>Ofrece tecnolog\u00eda patentada y un pist\u00f3n de alta fiabilidad, electromagn\u00e9ticamente impulsado que lo distingue de otros ventiladores de gran frecuencia.<\/li>\n<li>Permite ratios I:E variables, que son deseables para la gesti\u00f3n de la ventilaci\u00f3n.<\/li>\n<\/ul>\n","protected":false},"excerpt":{"rendered":"<p>Basado en la tecnolog\u00eda establecida del ventilador 3100A, el Vyaire 3100B AROAF agrega las capacidades de rendimiento mejoradas necesarias para la ventilaci\u00f3n adulta. Est\u00e1 homologado para el tratamiento de la insuficiencia respiratoria aguda en adultos y ni\u00f1os que pesen m\u00e1s de 35 kilogramos.<\/p>\n","protected":false},"featured_media":9795,"template":"","meta":{"_acf_changed":false,"_relevanssi_hide_post":"","_relevanssi_hide_content":"","_relevanssi_pin_for_all":"","_relevanssi_pin_keywords":"","_relevanssi_unpin_keywords":"","_relevanssi_related_keywords":"","_relevanssi_related_include_ids":"","_relevanssi_related_exclude_ids":"","_relevanssi_related_no_append":"","_relevanssi_related_not_related":"","_relevanssi_related_posts":"","_relevanssi_noindex_reason":"","inline_featured_image":false},"pwb-brand":[1337],"product_brand":[],"product_cat":[51],"product_tag":[1805,1809,1032,1469,1028,1024,1807,1810],"class_list":{"0":"post-9026","1":"product","2":"type-product","3":"status-publish","4":"has-post-thumbnail","6":"pwb-brand-equipo-medico-vyaire","7":"product_cat-ventiladores","8":"product_tag-1805","9":"product_tag-3100b","10":"product_tag-ventilador","11":"product_tag-ventiladore","12":"product_tag-ventiladores","13":"product_tag-vyaire","14":"product_tag-vyaire-3100","15":"product_tag-vyaire-3100b","17":"first","18":"instock","19":"shipping-taxable","20":"purchasable","21":"product-type-simple"},"acf":[],"brands":[{"id":1337,"name":"Vyaire","slug":"equipo-medico-vyaire"}],"_links":{"self":[{"href":"https:\/\/www.somatechnology.com\/spanish\/wp-json\/wp\/v2\/product\/9026","targetHints":{"allow":["GET"]}}],"collection":[{"href":"https:\/\/www.somatechnology.com\/spanish\/wp-json\/wp\/v2\/product"}],"about":[{"href":"https:\/\/www.somatechnology.com\/spanish\/wp-json\/wp\/v2\/types\/product"}],"wp:featuredmedia":[{"embeddable":true,"href":"https:\/\/www.somatechnology.com\/spanish\/wp-json\/wp\/v2\/media\/9795"}],"wp:attachment":[{"href":"https:\/\/www.somatechnology.com\/spanish\/wp-json\/wp\/v2\/media?parent=9026"}],"wp:term":[{"taxonomy":"pwb-brand","embeddable":true,"href":"https:\/\/www.somatechnology.com\/spanish\/wp-json\/wp\/v2\/pwb-brand?post=9026"},{"taxonomy":"product_brand","embeddable":true,"href":"https:\/\/www.somatechnology.com\/spanish\/wp-json\/wp\/v2\/product_brand?post=9026"},{"taxonomy":"product_cat","embeddable":true,"href":"https:\/\/www.somatechnology.com\/spanish\/wp-json\/wp\/v2\/product_cat?post=9026"},{"taxonomy":"product_tag","embeddable":true,"href":"https:\/\/www.somatechnology.com\/spanish\/wp-json\/wp\/v2\/product_tag?post=9026"}],"curies":[{"name":"wp","href":"https:\/\/api.w.org\/{rel}","templated":true}]}}