{"id":9059,"date":"2018-03-12T15:02:59","date_gmt":"2018-03-12T15:02:59","guid":{"rendered":"https:\/\/www.somatechnology.com\/spanish\/?post_type=product&#038;p=9059"},"modified":"2024-12-04T15:13:26","modified_gmt":"2024-12-04T20:13:26","slug":"erbe-vio-300d","status":"publish","type":"product","link":"https:\/\/www.somatechnology.com\/spanish\/equipo-medico-usado-remanufacturado\/unidades-electroquirurgicas-electrobisturis\/erbe-vio-300d\/","title":{"rendered":"ERBE VIO 300D"},"content":{"rendered":"<h2>Caracter\u00edsticas del\u00a0ERBE VIO 300D<\/h2>\n<p>El <strong><a href=\"https:\/\/www.somatechnology.com\/wp-content\/uploads\/sites\/2\/2018\/03\/Erbe-vio-300D-spa.pdf\">Erbe VIO 300 D<\/a> <\/strong>es un electrobisturis vers\u00e1til dise\u00f1ado para una operaci\u00f3n f\u00e1cil con una configuraci\u00f3n sencilla de enchufar y usar. Ofrece un control preciso de la potencia tanto en modos de corte como de coagulaci\u00f3n, garantizando seguridad con dosis bajas de energ\u00eda. Las caracter\u00edsticas clave incluyen el sistema Power Peak System (PPS), que optimiza la entrega de energ\u00eda al inicio del corte para mantener un contacto constante entre la herramienta de corte y el tejido. Su tecnolog\u00eda Spark Recognition detecta los micro-arcos el\u00e9ctricos (chispas) para regular la longitud y calidad del corte, proporcionando resultados reproducibles tanto en condiciones de alto como de bajo voltaje. El VIO 300 D funciona eficazmente como generador independiente, pero tambi\u00e9n admite expansiones modulares, lo que lo hace adecuado para procedimientos endosc\u00f3picos avanzados y adaptable a las necesidades quir\u00fargicas cambiantes.<\/p>\n<ul>\n<li>Se ajusta autom\u00e1ticamente a las indicaciones espec\u00edficas, proporcionando un rendimiento mejorado para una amplia gama de aplicaciones quir\u00fargicas.<\/li>\n<li>Capacidades mejoradas de corte (CUT) y coagulaci\u00f3n (COAG) aseguran una gesti\u00f3n eficaz y eficiente del tejido durante los procedimientos.<\/li>\n<li>Los enchufes modulares y las actualizaciones especializadas ofrecen flexibilidad, permitiendo que el sistema se adapte a diferentes entornos y necesidades quir\u00fargicas.<\/li>\n<li>Cuenta con una pantalla TFT con FocusView, ofreciendo una operaci\u00f3n segura e interactiva para facilitar su uso en cirug\u00edas complejas.<\/li>\n<li>Los programas configurables y la funcionalidad de enchufar y usar permiten una configuraci\u00f3n r\u00e1pida, minimizando el tiempo entre la preparaci\u00f3n del paciente.<\/li>\n<li>La funci\u00f3n ReMode permite una asignaci\u00f3n flexible del interruptor de pie desde el campo est\u00e9ril, mejorando la eficiencia operativa y el cuidado del paciente.<\/li>\n<\/ul>\n","protected":false},"excerpt":{"rendered":"<p>Electrobisturis<\/p>\n","protected":false},"featured_media":20269,"template":"","meta":{"_acf_changed":false,"_relevanssi_hide_post":"","_relevanssi_hide_content":"","_relevanssi_pin_for_all":"","_relevanssi_pin_keywords":"","_relevanssi_unpin_keywords":"","_relevanssi_related_keywords":"","_relevanssi_related_include_ids":"","_relevanssi_related_exclude_ids":"","_relevanssi_related_no_append":"","_relevanssi_related_not_related":"","_relevanssi_related_posts":"","_relevanssi_noindex_reason":"","inline_featured_image":false},"pwb-brand":[1169],"product_brand":[],"product_cat":[76],"product_tag":[1896,1581,4940,1862,1864,4956,1865,4953,1866],"class_list":{"0":"post-9059","1":"product","2":"type-product","3":"status-publish","4":"has-post-thumbnail","6":"pwb-brand-electrobisturis-erbe","7":"product_cat-unidades-electroquirurgicas-electrobisturis","8":"product_tag-electrobisturis","9":"product_tag-erbe","10":"product_tag-erbe-electrobisturis","11":"product_tag-erbe-vio","12":"product_tag-erbe-vio-300d","13":"product_tag-erbe-vio-300d-electrobisturis","14":"product_tag-erbe-vio-300d-esu","15":"product_tag-erbe-vio-electrobisturis","16":"product_tag-erbe-vio-esu","18":"first","19":"instock","20":"shipping-taxable","21":"purchasable","22":"product-type-simple"},"acf":[],"brands":[{"id":1169,"name":"ERBE","slug":"electrobisturis-erbe"}],"_links":{"self":[{"href":"https:\/\/www.somatechnology.com\/spanish\/wp-json\/wp\/v2\/product\/9059","targetHints":{"allow":["GET"]}}],"collection":[{"href":"https:\/\/www.somatechnology.com\/spanish\/wp-json\/wp\/v2\/product"}],"about":[{"href":"https:\/\/www.somatechnology.com\/spanish\/wp-json\/wp\/v2\/types\/product"}],"wp:featuredmedia":[{"embeddable":true,"href":"https:\/\/www.somatechnology.com\/spanish\/wp-json\/wp\/v2\/media\/20269"}],"wp:attachment":[{"href":"https:\/\/www.somatechnology.com\/spanish\/wp-json\/wp\/v2\/media?parent=9059"}],"wp:term":[{"taxonomy":"pwb-brand","embeddable":true,"href":"https:\/\/www.somatechnology.com\/spanish\/wp-json\/wp\/v2\/pwb-brand?post=9059"},{"taxonomy":"product_brand","embeddable":true,"href":"https:\/\/www.somatechnology.com\/spanish\/wp-json\/wp\/v2\/product_brand?post=9059"},{"taxonomy":"product_cat","embeddable":true,"href":"https:\/\/www.somatechnology.com\/spanish\/wp-json\/wp\/v2\/product_cat?post=9059"},{"taxonomy":"product_tag","embeddable":true,"href":"https:\/\/www.somatechnology.com\/spanish\/wp-json\/wp\/v2\/product_tag?post=9059"}],"curies":[{"name":"wp","href":"https:\/\/api.w.org\/{rel}","templated":true}]}}