{"id":9072,"date":"2018-03-12T15:37:11","date_gmt":"2018-03-12T15:37:11","guid":{"rendered":"https:\/\/www.somatechnology.com\/spanish\/?post_type=product&#038;p=9072"},"modified":"2025-06-24T11:02:48","modified_gmt":"2025-06-24T15:02:48","slug":"zoll-eagle-ii-mri","status":"publish","type":"product","link":"https:\/\/www.somatechnology.com\/spanish\/equipo-medico-usado-remanufacturado\/ventiladores\/zoll-eagle-ii-mri\/","title":{"rendered":"Zoll Eagle II MRI"},"content":{"rendered":"<h2>Zoll Eagle II MRI<\/h2>\n<p>El ventilador portable del \u00e1guila II MRI de Zoll proporciona la terapia segura, de alta calidad para los pacientes ventilados que necesitan proyecci\u00f3n de imagen de resonancia magn\u00e9tica. Con este ventilador completamente equipado, los infantes (\u2265 5 kilogramos) a los adultos reciben la misma ventilaci\u00f3n de alta calidad que en la cabecera. Y el Eagle II utiliza tecnolog\u00eda de ayuda inteligente para mejorar la seguridad del paciente proporcionando avisos en tiempo real y en pantalla que gu\u00edan a los m\u00e9dicos cuando responden a las alarmas.<\/p>\n<ul>\n<li>Apoya a los infantes (\u2265 5 kg), a los pacientes pedi\u00e1tricos y a los adultos<\/li>\n<li>Modo de la CA; Modos SIMV y CPAP (VPPN\/PPV) con soporte de presi\u00f3n<\/li>\n<li>Tiempo de funcionamiento de la bater\u00eda de 10 horas; recarga r\u00e1pidamente en 2 horas<\/li>\n<li>Ox\u00edgeno eficiente: todo el O2 va al paciente, minimizando el uso del O2<\/li>\n<li>Tecnolog\u00eda de ayuda inteligente para la resoluci\u00f3n de alarmas<\/li>\n<\/ul>\n","protected":false},"excerpt":{"rendered":"<p>El ventilador portable del \u00e1guila II MRI de Zoll proporciona la terapia segura, de alta calidad para los pacientes ventilados que necesitan proyecci\u00f3n de imagen de resonancia magn\u00e9tica. Con este ventilador completamente equipado, los infantes (\u2265 5 kilogramos) a los adultos reciben la misma ventilaci\u00f3n de alta calidad que en la cabecera. Y el Eagle II utiliza tecnolog\u00eda de ayuda inteligente para mejorar la seguridad del paciente proporcionando avisos en tiempo real y en pantalla que gu\u00edan a los m\u00e9dicos cuando responden a las alarmas.<\/p>\n","protected":false},"featured_media":9816,"template":"","meta":{"_acf_changed":false,"_relevanssi_hide_post":"","_relevanssi_hide_content":"","_relevanssi_pin_for_all":"","_relevanssi_pin_keywords":"","_relevanssi_unpin_keywords":"","_relevanssi_related_keywords":"","_relevanssi_related_include_ids":"","_relevanssi_related_exclude_ids":"","_relevanssi_related_no_append":"","_relevanssi_related_not_related":"","_relevanssi_related_posts":"","_relevanssi_noindex_reason":"","inline_featured_image":false},"pwb-brand":[1117],"product_brand":[],"product_cat":[51,4780],"product_tag":[1871,1873,1885,1872,1032,1469,268,1884,1874,1886],"class_list":{"0":"post-9072","1":"product","2":"type-product","3":"status-publish","4":"has-post-thumbnail","6":"pwb-brand-desfibriladores-zoll","7":"product_cat-ventiladores","8":"product_cat-ventiladores-portatil","9":"product_tag-eagle","10":"product_tag-eagle-ii","11":"product_tag-eagle-ii-mri","12":"product_tag-ii","13":"product_tag-ventilador","14":"product_tag-ventiladore","15":"product_tag-zoll","16":"product_tag-zoll-eagle","17":"product_tag-zoll-eagle-ii","18":"product_tag-zoll-eagle-ii-mri-ventiladores","20":"first","21":"instock","22":"shipping-taxable","23":"purchasable","24":"product-type-simple"},"acf":[],"brands":[{"id":1117,"name":"Zoll","slug":"desfibriladores-zoll"}],"_links":{"self":[{"href":"https:\/\/www.somatechnology.com\/spanish\/wp-json\/wp\/v2\/product\/9072","targetHints":{"allow":["GET"]}}],"collection":[{"href":"https:\/\/www.somatechnology.com\/spanish\/wp-json\/wp\/v2\/product"}],"about":[{"href":"https:\/\/www.somatechnology.com\/spanish\/wp-json\/wp\/v2\/types\/product"}],"wp:featuredmedia":[{"embeddable":true,"href":"https:\/\/www.somatechnology.com\/spanish\/wp-json\/wp\/v2\/media\/9816"}],"wp:attachment":[{"href":"https:\/\/www.somatechnology.com\/spanish\/wp-json\/wp\/v2\/media?parent=9072"}],"wp:term":[{"taxonomy":"pwb-brand","embeddable":true,"href":"https:\/\/www.somatechnology.com\/spanish\/wp-json\/wp\/v2\/pwb-brand?post=9072"},{"taxonomy":"product_brand","embeddable":true,"href":"https:\/\/www.somatechnology.com\/spanish\/wp-json\/wp\/v2\/product_brand?post=9072"},{"taxonomy":"product_cat","embeddable":true,"href":"https:\/\/www.somatechnology.com\/spanish\/wp-json\/wp\/v2\/product_cat?post=9072"},{"taxonomy":"product_tag","embeddable":true,"href":"https:\/\/www.somatechnology.com\/spanish\/wp-json\/wp\/v2\/product_tag?post=9072"}],"curies":[{"name":"wp","href":"https:\/\/api.w.org\/{rel}","templated":true}]}}