{"id":9094,"date":"2018-03-12T16:27:07","date_gmt":"2018-03-12T16:27:07","guid":{"rendered":"https:\/\/www.somatechnology.com\/spanish\/?post_type=product&#038;p=9094"},"modified":"2023-08-23T06:23:59","modified_gmt":"2023-08-23T10:23:59","slug":"bovie-ids-210","status":"publish","type":"product","link":"https:\/\/www.somatechnology.com\/spanish\/equipo-medico-usado-remanufacturado\/unidades-electroquirurgicas-electrobisturis\/bovie-ids-210\/","title":{"rendered":"Bovie IDS 210"},"content":{"rendered":"<h2>Caracter\u00edsticas del Bovie IDS 210<\/h2>\n<p>El <strong>Bovie IDS 210<\/strong> es un generador de quir\u00f3fano de 200 vatios de alta potencia, por Bovie. La unidad incorpora la energ\u00eda y la seguridad de un generador en los ahorros significativos a la facilidad m\u00e9dica. El sistema ofrece 12 modalidades monopolares y bipolares de energ\u00eda RF para proporcionar un alto nivel de precisi\u00f3n quir\u00fargica. Dise\u00f1ado con la seguridad del paciente en la mente, el IDS-210 incluye tecnolog\u00eda como Bovie NEM retorno Pad Split de control de calidad de contacto, Bovie FDF tecnolog\u00eda de detecci\u00f3n de tejidos, circuitos de auto-prueba, as\u00ed como modalidades especializadas para la laparoscop\u00eda y procedimientos delicados.<\/p>\n<ul>\n<li>\u00a0Dos modos de corte<\/li>\n<li>Cuatro niveles de mezcla<\/li>\n<li>Tres modos de coagulaci\u00f3n<\/li>\n<li>Tres modos bipolares<\/li>\n<li>Sistema r\u00e1pido de la regeneraci\u00f3n digital<\/li>\n<li>Tres conexiones de accesorios del panel frontal y dos conexiones de pedal del panel trasero<\/li>\n<\/ul>\n<h2>Especificaciones del Bovie IDS 210<\/h2>\n<h3>Dimensiones<\/h3>\n<ul>\n<li>Altura: 6.5 pulg (16.5 cm)<\/li>\n<li>Anchura: 14,75 adentro (los 37.5 cm)<\/li>\n<li>Profundidad: 18.1 pulg (46 cm)<\/li>\n<li>Peso: &lt; 20 lbs (&lt; 9.07 kg)<\/li>\n<\/ul>\n<h3>Informaci\u00f3n General<\/h3>\n<ul>\n<li>Sistemas de monitoreo de contacto: BovieNEM<\/li>\n<li>Sistemas de monitoreo de contacto \u2022 punto de alcance\/disparo: 10 ohmios o menos sobre todo<\/li>\n<li>Rango de funcionamiento (10C \u00b0 a 40 \u00b0 c)<\/li>\n<li>Sistema de enfriamiento: enfriamiento pasivo<\/li>\n<li>Tecnolog\u00eda: salida aislada del RF<\/li>\n<li>Caracter\u00edstica pre-fijada: s\u00ed<\/li>\n<li>HP monopolar puertos: 2<\/li>\n<li>Alerta de tono de activaci\u00f3n dual: s\u00ed<\/li>\n<li>Puertos del conectador\/interruptor de energ\u00eda: blanco<\/li>\n<li>Exactitud de la exhibici\u00f3n de la energ\u00eda: \u00b1 20% o 5 vatios el que sea mayor<\/li>\n<\/ul>\n<h3>Bipolar<\/h3>\n<ul>\n<li>\u00a0Macro bipolar \u2022 vatios: 80<\/li>\n<li>Voltaje m\u00e1ximo de Vpico: 600V<\/li>\n<li>Factor de cresta (t\u00edpico): 1.5 \u00b1 20%<\/li>\n<li>Frecuencia: 490 kHz \u00b1 4.9 kHz<\/li>\n<li>Micro bipolar \u2022 vatios: 80<\/li>\n<li>Voltaje m\u00e1ximo Vpico: 500V<\/li>\n<li>Factor de cresta (t\u00edpico): 1.5 \u00b1 20%<\/li>\n<li>Frecuencia: 490 kHz \u00b1 4.9 kHz<\/li>\n<li>Est\u00e1ndar bipolar \u2022 vatios: 50<\/li>\n<li>Voltaje m\u00e1ximo Vpico: 250V<\/li>\n<li>Factor de cresta (t\u00edpico): 1.5 \u00b1 20%<\/li>\n<li>Frecuencia: 490 kHz \u00b1 4.9 kHz<\/li>\n<\/ul>\n<h3>Monopolar<\/h3>\n<ul>\n<li>CUT I\n<ul>\n<li>vatios: 200<\/li>\n<li>Voltaje m\u00e1ximo Vpico: 1000V<\/li>\n<li>Factor de cresta (t\u00edpico): 1.7 \u00b1 20%<\/li>\n<li>Frecuencia: 490 kHz \u00b1 4.9 kHz<\/li>\n<\/ul>\n<\/li>\n<li>Cut II\n<ul>\n<li>vatios: 200<\/li>\n<li>Voltaje m\u00e1ximo de Vpico: 750V<\/li>\n<li>Factor de cresta (t\u00edpico): 1.7 \u00b1 20%<\/li>\n<li>Frecuencia: 490 kHz \u00b1 4.9 kHz<\/li>\n<\/ul>\n<\/li>\n<li>Blend (1)\n<ul>\n<li>vatios: 200<\/li>\n<li>Voltaje m\u00e1ximo Vpico: 1320V<\/li>\n<li>Factor de cresta (t\u00edpico): 1.8 \u00b1 20%<\/li>\n<li>Frecuencia: 490 kHz \u00b1 4.9 kHz<\/li>\n<\/ul>\n<\/li>\n<li>Blend (2)\n<ul>\n<li>vatios: 200<\/li>\n<li>Voltaje m\u00e1ximo Vpico: 1475V<\/li>\n<li>Factor de cresta (t\u00edpico): 2,0 \u00b1 20%<\/li>\n<li>Frecuencia: 490 kHz \u00b1 4.9 kHz<\/li>\n<\/ul>\n<\/li>\n<li>Blend (3)\n<ul>\n<li>vatios: 200<\/li>\n<li>Voltaje m\u00e1ximo Vpico: 1650V<\/li>\n<li>Factor de cresta (t\u00edpico): 2,2 \u00b1 20%<\/li>\n<li>Frecuencia: 490 kHz \u00b1 4.9 kHz<\/li>\n<\/ul>\n<\/li>\n<li>Blend (4)\n<ul>\n<li>vatios: 200<\/li>\n<li>Voltaje m\u00e1ximo Vpico: 1870V<\/li>\n<li>Factor de cresta (t\u00edpico): 2.4 \u00b1 20%<\/li>\n<li>Frecuencia: 490 kHz \u00b1 4.9 kHz<\/li>\n<\/ul>\n<\/li>\n<li>Coagulaci\u00f3n con precisi\u00f3n\n<ul>\n<li>vatios: 120<\/li>\n<li>Voltaje m\u00e1ximo Vpico: 1800V<\/li>\n<li>Factor de cresta (t\u00edpico): 3.1 \u00b1 20%<\/li>\n<li>Frecuencia: 490 kHz \u00b1 4.9 kHz<\/li>\n<\/ul>\n<\/li>\n<li>Coagulaci\u00f3n del aerosol\n<ul>\n<li>vatios: 120<\/li>\n<li>Voltaje m\u00e1ximo Vpico: 4000V<\/li>\n<li>Factor de cresta (t\u00edpico): 6,0 \u00b1 20%<\/li>\n<\/ul>\n<\/li>\n<li>Frecuencia: 350 a 450 kilociclos\n<ul>\n<li>Coagulaci\u00f3n apacible<\/li>\n<li>vatios: 120<\/li>\n<li>Voltaje m\u00e1ximo Vpico: 450V<\/li>\n<li>Factor de cresta (t\u00edpico): 1.6 \u00b1 20%<\/li>\n<li>Frecuencia: 490 kHz \u00b1 4.9 kHz<\/li>\n<\/ul>\n<\/li>\n<\/ul>\n","protected":false},"excerpt":{"rendered":"<p>Caracter\u00edsticas del Bovie IDS 210 El Bovie IDS 210 es un generador de quir\u00f3fano de 200 vatios de alta potencia, por Bovie. La unidad&#8230;<\/p>\n","protected":false},"featured_media":12009,"template":"","meta":{"_acf_changed":false,"_relevanssi_hide_post":"","_relevanssi_hide_content":"","_relevanssi_pin_for_all":"","_relevanssi_pin_keywords":"","_relevanssi_unpin_keywords":"","_relevanssi_related_keywords":"","_relevanssi_related_include_ids":"","_relevanssi_related_exclude_ids":"","_relevanssi_related_no_append":"","_relevanssi_related_not_related":"","_relevanssi_related_posts":"","_relevanssi_noindex_reason":"","inline_featured_image":false},"pwb-brand":[1170],"product_brand":[],"product_cat":[76],"product_tag":[1449,1918,1925,1924,4891,1923,4890,1896,1926],"class_list":{"0":"post-9094","1":"product","2":"type-product","3":"status-publish","4":"has-post-thumbnail","6":"pwb-brand-electrobisturis-bovie","7":"product_cat-unidades-electroquirurgicas-electrobisturis","8":"product_tag-bovie","9":"product_tag-bovie-electrobisturis","10":"product_tag-bovie-ids","11":"product_tag-bovie-ids-210","12":"product_tag-bovie-ids-210-electrobisturis","13":"product_tag-bovie-ids-210-esu","14":"product_tag-bovie-ids-electrobisturis","15":"product_tag-electrobisturis","16":"product_tag-ids-210","18":"first","19":"instock","20":"shipping-taxable","21":"purchasable","22":"product-type-simple"},"acf":[],"brands":[{"id":1170,"name":"Bovie Aaron","slug":"electrobisturis-bovie"}],"_links":{"self":[{"href":"https:\/\/www.somatechnology.com\/spanish\/wp-json\/wp\/v2\/product\/9094","targetHints":{"allow":["GET"]}}],"collection":[{"href":"https:\/\/www.somatechnology.com\/spanish\/wp-json\/wp\/v2\/product"}],"about":[{"href":"https:\/\/www.somatechnology.com\/spanish\/wp-json\/wp\/v2\/types\/product"}],"wp:featuredmedia":[{"embeddable":true,"href":"https:\/\/www.somatechnology.com\/spanish\/wp-json\/wp\/v2\/media\/12009"}],"wp:attachment":[{"href":"https:\/\/www.somatechnology.com\/spanish\/wp-json\/wp\/v2\/media?parent=9094"}],"wp:term":[{"taxonomy":"pwb-brand","embeddable":true,"href":"https:\/\/www.somatechnology.com\/spanish\/wp-json\/wp\/v2\/pwb-brand?post=9094"},{"taxonomy":"product_brand","embeddable":true,"href":"https:\/\/www.somatechnology.com\/spanish\/wp-json\/wp\/v2\/product_brand?post=9094"},{"taxonomy":"product_cat","embeddable":true,"href":"https:\/\/www.somatechnology.com\/spanish\/wp-json\/wp\/v2\/product_cat?post=9094"},{"taxonomy":"product_tag","embeddable":true,"href":"https:\/\/www.somatechnology.com\/spanish\/wp-json\/wp\/v2\/product_tag?post=9094"}],"curies":[{"name":"wp","href":"https:\/\/api.w.org\/{rel}","templated":true}]}}