{"id":9140,"date":"2018-03-12T19:41:59","date_gmt":"2018-03-12T19:41:59","guid":{"rendered":"https:\/\/www.somatechnology.com\/spanish\/?post_type=product&#038;p=9140"},"modified":"2025-12-11T02:01:08","modified_gmt":"2025-12-11T07:01:08","slug":"ge-vivid-q","status":"publish","type":"product","link":"https:\/\/www.somatechnology.com\/spanish\/equipo-medico-usado-remanufacturado\/imagenologia-radiologia\/ultrasonidos\/ge-vivid-q\/","title":{"rendered":"GE Vivid q"},"content":{"rendered":"<div class=\"wpb-content-wrapper\"><p>[vc_row][vc_column][vc_column_text css=\u00bb\u00bb]<\/p>\n<h2>GE Vivid q<\/h2>\n<p>El GE Vivid q se basa en las muchas caracter\u00edsticas innovadoras y las tecnolog\u00edas de la GE Vivid i con a\u00fan m\u00e1s rendimiento y nuevas herramientas de an\u00e1lisis cuantitativo. El Vivid q cuenta con una gran cantidad de mejoras de calidad de imagen migradas de la v\u00edvida 7, incluyendo el transductor M4s-RS. El v\u00edvido q es compatible con 16 sondas diferentes para ampliar a\u00fan m\u00e1s esta gama de ultrasonidos de caracter\u00edsticas.<\/p>\n<ul>\n<li>Auto EF \u2013 programa de medici\u00f3n de fracci\u00f3n de eyecci\u00f3n automatizado dise\u00f1ado espec\u00edficamente para la GE Vivid q.<\/li>\n<li>Imagen de sincronizaci\u00f3n de tejidos (TSI).<\/li>\n<li>Eco intracardiaco (ICE).<\/li>\n<li>16 diferentes sondas compatibles.<\/li>\n<li>Im\u00e1genes de octava codificadas: mejora el flujo de color de la imagen y las im\u00e1genes Doppler.<\/li>\n<\/ul>\n<h3>Caracter\u00edsticas de rendimiento y herramientas cl\u00ednicas<\/h3>\n<ul>\n<li>El transductor matricial de matriz m4s-RS produce excelentes im\u00e1genes en 2D para aplicaciones cardiacas adultas.<\/li>\n<li>La proyecci\u00f3n de imagen de octava codificada lleva la calidad de las im\u00e1genes de GE al siguiente nivel, mejorando sus im\u00e1genes para el flujo de color y las im\u00e1genes Doppler.<\/li>\n<li>La profundidad inteligente adapta autom\u00e1ticamente los par\u00e1metros de imagen para ayudar a los operadores a ahorrar tiempo y aumentar la estandarizaci\u00f3n entre los usuarios.<\/li>\n<li>El estr\u00e9s inteligente puede mejorar el flujo de trabajo, acorta el tiempo de optimizaci\u00f3n y soporta la reproducibilidad para revisi\u00f3n, calificaci\u00f3n de segmentos de pared e informes.<\/li>\n<\/ul>\n<h3>La imagen param\u00e9trica y la cuantificaci\u00f3n apoyan las decisiones cl\u00ednicas<\/h3>\n<ul>\n<li>Auto EF proporciona uno de los par\u00e1metros m\u00e1s com\u00fanmente usados para describir la funci\u00f3n de LV, la fracci\u00f3n de eyecci\u00f3n (EF). La herramienta en 2D basada en cepas ayuda a encontrar la frontera endocardal. Tambi\u00e9n puede reducir la dependencia de \u00abver\u00bb el borde de cada imagen analizando y rastreando el tejido mioc\u00e1rdico. El programa localiza autom\u00e1ticamente los fotogramas sist\u00f3licos y finales diast\u00f3licos finales.<\/li>\n<li>La funci\u00f3n automatizada Imaging (AFI) apoya el an\u00e1lisis de la funci\u00f3n del LV en el resto, visualizando el acortamiento y el alargamiento de la pared longitudinal y resaltando la contracci\u00f3n de un segmento. AFI destaca anomal\u00edas potenciales de movimiento de pared. Puede disminuir la variabilidad de la evaluaci\u00f3n de la funci\u00f3n LV, proporcionar apoyo a la decisi\u00f3n cl\u00ednica y optimizar el flujo de trabajo.<\/li>\n<li>La imagen de la velocidad tisular (TVI) y el rastreo tisular (TT) muestran la velocidad y desplazamiento del tejido en la direcci\u00f3n del haz de ultrasonido con alta resoluci\u00f3n temporal, y tambi\u00e9n visualizan eventos cortos.<\/li>\n<li>La imagen de sincronizaci\u00f3n tisular (TSI) facilita la traducci\u00f3n de la cuantificaci\u00f3n integral en una imagen de f\u00e1cil comprensi\u00f3n que demuestra la sincron\u00eda mec\u00e1nica de diferentes segmentos del miocardio.<\/li>\n<li>El an\u00e1lisis cuantitativo a bordo permite el an\u00e1lisis a fondo de los datos del ultrasonido, incluyendo los rastros que derivan y los M-modos anat\u00f3micos curvados.<\/li>\n<\/ul>\n<h3>Ecograf\u00eda intracardiaca (ICE)<\/h3>\n<ul>\n<li>Combinando un detalle excepcional y la calidad de la informaci\u00f3n con ecocardiograf\u00eda de intervenci\u00f3n avanzada de ultrasonido tecnolog\u00eda de imagen de hielo, Vivid q abre otra ventana al coraz\u00f3n.<\/li>\n<li>Los cat\u00e9teres Ice proporcionan una excelente calidad de imagen y visualizaci\u00f3n en tiempo real de la anatom\u00eda estructural cardiaca y de los cat\u00e9teres terap\u00e9uticos para ayudar en el monitoreo y la orientaci\u00f3n durante los procedimientos intervencionistas.<\/li>\n<li>El ICE puede darle una mejor comprensi\u00f3n de la orientaci\u00f3n estructural durante los procedimientos de punci\u00f3n transseptal para ayudarle a evitar complicaciones cl\u00ednicas.<\/li>\n<\/ul>\n<h3>Sala de Operaciones\/Anestesia<\/h3>\n<ul>\n<li>Abordar las necesidades perioperatorias con ex\u00e1menes transtor\u00e1cicos bajo condiciones desafiantes.<\/li>\n<li>Permita el monitoreo con la ayuda de una camiseta adulta o pedi\u00e1trica.<\/li>\n<li>Apoyo a la recolecci\u00f3n de vena safena y evaluaciones carot\u00eddeas.<\/li>\n<li>Utilice la sonda intraoperatoria para obtener informaci\u00f3n que apoye los diagn\u00f3sticos espec\u00edficos en la o durante y directamente despu\u00e9s de la cirug\u00eda a coraz\u00f3n abierto.<\/li>\n<li>Compartir im\u00e1genes de forma remota en un PC con la opci\u00f3n eVue para consultas eficientes y convenientes.<\/li>\n<\/ul>\n<h3>Ecocardiograf\u00eda pedi\u00e1trica<\/h3>\n<ul>\n<li>Examine a ni\u00f1os de todas las edades, incluyendo reci\u00e9n nacidos.<\/li>\n<li>Elija entre una amplia gama de transductores de sector, micro convexo, lineal y transesof\u00e1gico m\u00e1s un cable de ECG espec\u00edfico.<\/li>\n<\/ul>\n<h3>Obstetricia\/Ginecolog\u00eda<\/h3>\n<ul>\n<li>Enfoque en eco fetal o ex\u00e1menes comprensivos.<\/li>\n<\/ul>\n<h3>Servicios compartidos<\/h3>\n<ul>\n<li>Realizar ex\u00e1menes vasculares y abdominales con el amplio conjunto de transductores lineales y convexos de q Vivid.<\/li>\n<li>Muestre el flujo sangu\u00edneo con la resoluci\u00f3n espacial 2D-like y ningunos artefactos del color-fluir-proyecci\u00f3n de imagen con el flujo B y la proyecci\u00f3n de imagen del flujo de sangre (BFI).<\/li>\n<li>La medici\u00f3n del grosor de los medios \u00edntimos de la arteria car\u00f3tida r\u00e1pidamente con el paquete de an\u00e1lisis IMT puede obtener informaci\u00f3n temprana sobre el riesgo de ateroesclerosis.<\/li>\n<li>Utilice la abertura ancha para apoyar la mejora en la relaci\u00f3n se\u00f1al-ruido y la resoluci\u00f3n espacial para una mejor penetraci\u00f3n en estructuras m\u00e1s profundas.<\/li>\n<\/ul>\n<p>[\/vc_column_text][\/vc_column][\/vc_row]<\/p>\n<\/div>","protected":false},"excerpt":{"rendered":"<p>Ultrasonidos<\/p>\n","protected":false},"featured_media":25530,"template":"","meta":{"_acf_changed":false,"_relevanssi_hide_post":"","_relevanssi_hide_content":"","_relevanssi_pin_for_all":"","_relevanssi_pin_keywords":"","_relevanssi_unpin_keywords":"","_relevanssi_related_keywords":"","_relevanssi_related_include_ids":"","_relevanssi_related_exclude_ids":"","_relevanssi_related_no_append":"","_relevanssi_related_not_related":"","_relevanssi_related_posts":"","_relevanssi_noindex_reason":"","inline_featured_image":false},"pwb-brand":[1100],"product_brand":[],"product_cat":[91],"product_tag":[224,1995,1991,1994,1993,1901,1900,1992],"class_list":{"0":"post-9140","1":"product","2":"type-product","3":"status-publish","4":"has-post-thumbnail","6":"pwb-brand-equipo-medico-ge","7":"product_cat-ultrasonidos","8":"product_tag-ge","9":"product_tag-ge-q","10":"product_tag-ge-vivid","11":"product_tag-ge-vivid-q","12":"product_tag-q","13":"product_tag-ultrasonido","14":"product_tag-ultrasonidos","15":"product_tag-vivid","17":"first","18":"instock","19":"shipping-taxable","20":"purchasable","21":"product-type-simple"},"acf":[],"brands":[{"id":1100,"name":"GE","slug":"equipo-medico-ge"}],"_links":{"self":[{"href":"https:\/\/www.somatechnology.com\/spanish\/wp-json\/wp\/v2\/product\/9140","targetHints":{"allow":["GET"]}}],"collection":[{"href":"https:\/\/www.somatechnology.com\/spanish\/wp-json\/wp\/v2\/product"}],"about":[{"href":"https:\/\/www.somatechnology.com\/spanish\/wp-json\/wp\/v2\/types\/product"}],"wp:featuredmedia":[{"embeddable":true,"href":"https:\/\/www.somatechnology.com\/spanish\/wp-json\/wp\/v2\/media\/25530"}],"wp:attachment":[{"href":"https:\/\/www.somatechnology.com\/spanish\/wp-json\/wp\/v2\/media?parent=9140"}],"wp:term":[{"taxonomy":"pwb-brand","embeddable":true,"href":"https:\/\/www.somatechnology.com\/spanish\/wp-json\/wp\/v2\/pwb-brand?post=9140"},{"taxonomy":"product_brand","embeddable":true,"href":"https:\/\/www.somatechnology.com\/spanish\/wp-json\/wp\/v2\/product_brand?post=9140"},{"taxonomy":"product_cat","embeddable":true,"href":"https:\/\/www.somatechnology.com\/spanish\/wp-json\/wp\/v2\/product_cat?post=9140"},{"taxonomy":"product_tag","embeddable":true,"href":"https:\/\/www.somatechnology.com\/spanish\/wp-json\/wp\/v2\/product_tag?post=9140"}],"curies":[{"name":"wp","href":"https:\/\/api.w.org\/{rel}","templated":true}]}}