{"id":9157,"date":"2018-03-13T13:53:03","date_gmt":"2018-03-13T13:53:03","guid":{"rendered":"https:\/\/www.somatechnology.com\/spanish\/?post_type=product&#038;p=9157"},"modified":"2025-12-11T05:29:22","modified_gmt":"2025-12-11T10:29:22","slug":"sonosite-nanomaxx","status":"publish","type":"product","link":"https:\/\/www.somatechnology.com\/spanish\/equipo-medico-usado-remanufacturado\/imagenologia-radiologia\/ultrasonidos\/sonosite-nanomaxx\/","title":{"rendered":"SonoSite NanoMaxx"},"content":{"rendered":"<div class=\"wpb-content-wrapper\"><p>[vc_row][vc_column][vc_column_text css=\u00bb\u00bb]Con su \u00fanico control del uno-bot\u00f3n, la proyecci\u00f3n de imagen de diagn\u00f3stico de alta calidad, y el trazado a todo color del flujo, el sistema del ultrasonido de NanoMaxx se dise\u00f1a para tratar las necesidades de m\u00e9dicos que toman decisiones cl\u00ednicas dominantes o que gu\u00edan procedimientos intervencionistas. La tecnolog\u00eda propietaria y los sofisticados algoritmos optimizan autom\u00e1ticamente m\u00faltiples configuraciones individuales para proporcionar im\u00e1genes excepcionales con s\u00f3lo tocar un bot\u00f3n.<\/p>\n<p>Sumamente portable e incre\u00edblemente resistente, el sistema nanomaxx combina el rendimiento \u00abmejor en clase\u00bb con asequibilidad y simplicidad. Ofreciendo una interfaz de pantalla t\u00e1ctil resistente a salpicaduras que es f\u00e1cil de limpiar y desinfectar, combinada con una facilidad de uso sin precedentes, el NanoMaxx establece un nuevo est\u00e1ndar en la seguridad del paciente.<\/p>\n<p>Cuando la seguridad del paciente, la diagnosis de la cabecera, o la direcci\u00f3n exacta de la aguja es una prioridad, el sistema de nanomaxx es la herramienta ideal para entregar resultados.<\/p>\n<ul>\n<li>Im\u00e1genes de alta resoluci\u00f3n con mapeo de flujo a todo color<\/li>\n<li>Interfaz de usuario de pantalla t\u00e1ctil<\/li>\n<li>Resistente a salpicaduras \u2013 f\u00e1cil de limpiar y desinfectar<\/li>\n<li>Control sofisticado del uno-bot\u00f3n<\/li>\n<li>Durabilidad incomparable-gota probada en 91,4 cm\/3 pies<\/li>\n<li>Resistente y ligero-2.7 kg\/6 libras<\/li>\n<\/ul>\n<h3>Dimensiones<\/h3>\n<ul>\n<li>8 cm x 20.8 cm x 5.8 cm 14.1\u201d x 8.2\u201d x 2.3\u201d (L x H x W)<\/li>\n<\/ul>\n<h3>Peso<\/h3>\n<ul>\n<li>7 kg\/6 lbs.( incluyendo la bater\u00eda)<\/li>\n<\/ul>\n<h3>Pantalla<\/h3>\n<ul>\n<li>3 cm\/8.4\u201d diagonal, pantalla LCD t\u00e1ctil<\/li>\n<\/ul>\n<h3>Fuente de alimentaci\u00f3n<\/h3>\n<ul>\n<li>El sistema funciona a trav\u00e9s de la bater\u00eda o de la corriente alterna<\/li>\n<li>Bater\u00eda recargable del litio-ion-energ\u00eda de bater\u00eda 2 horas<\/li>\n<li>CA: adaptador universal de la energ\u00eda, 100-240 VAC, entrada 50\/60 Hz, salida 15 VDC<\/li>\n<\/ul>\n<p>[\/vc_column_text][\/vc_column][\/vc_row]<\/p>\n<\/div>","protected":false},"excerpt":{"rendered":"<p>Ultrasonidos<\/p>\n","protected":false},"featured_media":25695,"template":"","meta":{"_acf_changed":false,"_relevanssi_hide_post":"","_relevanssi_hide_content":"","_relevanssi_pin_for_all":"","_relevanssi_pin_keywords":"","_relevanssi_unpin_keywords":"","_relevanssi_related_keywords":"","_relevanssi_related_include_ids":"","_relevanssi_related_exclude_ids":"","_relevanssi_related_no_append":"","_relevanssi_related_not_related":"","_relevanssi_related_posts":"","_relevanssi_noindex_reason":"","inline_featured_image":false},"pwb-brand":[1125],"product_brand":[],"product_cat":[91],"product_tag":[2021,2020,2022,2019,1901,1900],"class_list":{"0":"post-9157","1":"product","2":"type-product","3":"status-publish","4":"has-post-thumbnail","6":"pwb-brand-ultrasonidos-sonosite","7":"product_cat-ultrasonidos","8":"product_tag-nano-maxx","9":"product_tag-nanomaxx","10":"product_tag-sonosite-nano-maxx","11":"product_tag-sonosite-nanomaxx","12":"product_tag-ultrasonido","13":"product_tag-ultrasonidos","15":"first","16":"instock","17":"shipping-taxable","18":"purchasable","19":"product-type-simple"},"acf":[],"brands":[{"id":1125,"name":"SonoSite","slug":"ultrasonidos-sonosite"}],"_links":{"self":[{"href":"https:\/\/www.somatechnology.com\/spanish\/wp-json\/wp\/v2\/product\/9157","targetHints":{"allow":["GET"]}}],"collection":[{"href":"https:\/\/www.somatechnology.com\/spanish\/wp-json\/wp\/v2\/product"}],"about":[{"href":"https:\/\/www.somatechnology.com\/spanish\/wp-json\/wp\/v2\/types\/product"}],"wp:featuredmedia":[{"embeddable":true,"href":"https:\/\/www.somatechnology.com\/spanish\/wp-json\/wp\/v2\/media\/25695"}],"wp:attachment":[{"href":"https:\/\/www.somatechnology.com\/spanish\/wp-json\/wp\/v2\/media?parent=9157"}],"wp:term":[{"taxonomy":"pwb-brand","embeddable":true,"href":"https:\/\/www.somatechnology.com\/spanish\/wp-json\/wp\/v2\/pwb-brand?post=9157"},{"taxonomy":"product_brand","embeddable":true,"href":"https:\/\/www.somatechnology.com\/spanish\/wp-json\/wp\/v2\/product_brand?post=9157"},{"taxonomy":"product_cat","embeddable":true,"href":"https:\/\/www.somatechnology.com\/spanish\/wp-json\/wp\/v2\/product_cat?post=9157"},{"taxonomy":"product_tag","embeddable":true,"href":"https:\/\/www.somatechnology.com\/spanish\/wp-json\/wp\/v2\/product_tag?post=9157"}],"curies":[{"name":"wp","href":"https:\/\/api.w.org\/{rel}","templated":true}]}}