{"id":9205,"date":"2018-03-14T15:29:40","date_gmt":"2018-03-14T15:29:40","guid":{"rendered":"https:\/\/www.somatechnology.com\/spanish\/?post_type=product&#038;p=9205"},"modified":"2023-08-23T06:24:54","modified_gmt":"2023-08-23T10:24:54","slug":"axia-hd-1000","status":"publish","type":"product","link":"https:\/\/www.somatechnology.com\/spanish\/equipo-medico-usado-remanufacturado\/sistema-de-video-endoscopia\/sistemas-completos-de-endoscopia\/capturadores-de-imagenes\/axia-hd-1000\/","title":{"rendered":"Axia HD 1000 Image Capture Device"},"content":{"rendered":"<h2>Dispositivo de captura de im\u00e1genes Axia HD 1000<\/h2>\n<p>El <strong>Axia HD 1000<\/strong> es un dispositivo de captura de im\u00e1genes digital HD dise\u00f1ado para guardar v\u00eddeo digital y im\u00e1genes fijas de una fuente de v\u00eddeo. Con el Axia HD1000, usted puede capturar sin esfuerzo videos e im\u00e1genes de alta calidad, que luego se pueden transferir f\u00e1cilmente a cualquier computadora o red segura a trav\u00e9s de la unidad flash USB. Funciona con C-Arms, c\u00e1maras endosc\u00f3picas, ecograf\u00edas y la mayor\u00eda de los dispositivos de video-imagen con salida de v\u00eddeo. El HDD interno de 500GB almacena alrededor de 80 horas si v\u00eddeo de HD. (Nota: una hora de video toma alrededor de 5.5 GB).<\/p>\n<h3>Informaci\u00f3n General<\/h3>\n<ul>\n<li>Tipo de dispositivo: HD Medical Video Recorder graba v\u00eddeo y im\u00e1genes fijas en alta definici\u00f3n y definici\u00f3n est\u00e1ndar de fuentes m\u00e9dicas de v\u00eddeo<\/li>\n<li>Medios: expedientes a HDD interno 500GB o impulsi\u00f3n del flash del USB (no incluido)<\/li>\n<li>Exhibici\u00f3n: 3,5 inch LCD (para la navegaci\u00f3n solamente, no para el diagn\u00f3stico)<\/li>\n<li>V\u00eddeo in\/out: PAL o NTSC HDMI, S-video, VGA, BNC, HD-SDI<\/li>\n<li>Formato video: H. 264\/MPEG-4 (1080p\/i, 720p)<\/li>\n<li>Formato de la imagen: jpg<\/li>\n<li>Tama\u00f1o de la imagen: 1920 x 1080 pixeles<\/li>\n<li>Ayuda del USB: USB 2,0, de alta velocidad, 2 conectador delantero<\/li>\n<\/ul>\n<p>&nbsp;<\/p>\n","protected":false},"excerpt":{"rendered":"<p>Dispositivo de captura de im\u00e1genes Axia HD 1000 El Axia HD 1000 es un dispositivo de captura de im\u00e1genes digital HD dise\u00f1ado para guardar&#8230;<\/p>\n","protected":false},"featured_media":10325,"template":"","meta":{"_acf_changed":false,"_relevanssi_hide_post":"","_relevanssi_hide_content":"","_relevanssi_pin_for_all":"","_relevanssi_pin_keywords":"","_relevanssi_unpin_keywords":"","_relevanssi_related_keywords":"","_relevanssi_related_include_ids":"","_relevanssi_related_exclude_ids":"","_relevanssi_related_no_append":"","_relevanssi_related_not_related":"","_relevanssi_related_posts":"","_relevanssi_noindex_reason":"","inline_featured_image":false},"pwb-brand":[1098],"product_brand":[],"product_cat":[63],"product_tag":[191,2082,2081,2080,2083],"class_list":{"0":"post-9205","1":"product","2":"type-product","3":"status-publish","4":"has-post-thumbnail","6":"pwb-brand-equipo-medico-axia","7":"product_cat-capturadores-de-imagenes","8":"product_tag-axia","9":"product_tag-axia-hd-1000","10":"product_tag-axia-hd-1000-image-capture-device","11":"product_tag-axia-hd1000-image-capture-device","12":"product_tag-hd-1000-image-capture-device","14":"first","15":"instock","16":"shipping-taxable","17":"purchasable","18":"product-type-simple"},"acf":[],"brands":[{"id":1098,"name":"Axia","slug":"equipo-medico-axia"}],"_links":{"self":[{"href":"https:\/\/www.somatechnology.com\/spanish\/wp-json\/wp\/v2\/product\/9205","targetHints":{"allow":["GET"]}}],"collection":[{"href":"https:\/\/www.somatechnology.com\/spanish\/wp-json\/wp\/v2\/product"}],"about":[{"href":"https:\/\/www.somatechnology.com\/spanish\/wp-json\/wp\/v2\/types\/product"}],"wp:featuredmedia":[{"embeddable":true,"href":"https:\/\/www.somatechnology.com\/spanish\/wp-json\/wp\/v2\/media\/10325"}],"wp:attachment":[{"href":"https:\/\/www.somatechnology.com\/spanish\/wp-json\/wp\/v2\/media?parent=9205"}],"wp:term":[{"taxonomy":"pwb-brand","embeddable":true,"href":"https:\/\/www.somatechnology.com\/spanish\/wp-json\/wp\/v2\/pwb-brand?post=9205"},{"taxonomy":"product_brand","embeddable":true,"href":"https:\/\/www.somatechnology.com\/spanish\/wp-json\/wp\/v2\/product_brand?post=9205"},{"taxonomy":"product_cat","embeddable":true,"href":"https:\/\/www.somatechnology.com\/spanish\/wp-json\/wp\/v2\/product_cat?post=9205"},{"taxonomy":"product_tag","embeddable":true,"href":"https:\/\/www.somatechnology.com\/spanish\/wp-json\/wp\/v2\/product_tag?post=9205"}],"curies":[{"name":"wp","href":"https:\/\/api.w.org\/{rel}","templated":true}]}}