{"id":9408,"date":"2018-03-23T15:12:06","date_gmt":"2018-03-23T15:12:06","guid":{"rendered":"https:\/\/www.somatechnology.com\/spanish\/?post_type=product&#038;p=9408"},"modified":"2026-01-13T06:23:31","modified_gmt":"2026-01-13T11:23:31","slug":"ge-logiq-e9","status":"publish","type":"product","link":"https:\/\/www.somatechnology.com\/spanish\/equipo-medico-usado-remanufacturado\/imagenologia-radiologia\/ultrasonidos\/ge-logiq-e9\/","title":{"rendered":"GE Logiq E9"},"content":{"rendered":"<h2>CARACTER\u00cdSTICAS DE GE LOGIQ E9<\/h2>\n<p>El <strong>GE Logiq E9<\/strong> es un ultrasonido que proporciona im\u00e1genes de diagn\u00f3stico y monitorizaci\u00f3n vital. El GE Logiq E9 ofrece im\u00e1genes 4D para aplicaciones de mamograf\u00edas, musculoesquel\u00e9ticas, urol\u00f3gicas, radiol\u00f3gicas, cardiacas y vasculares. El sistema utiliza la tecnolog\u00eda XDclear que, combinado con la tecnolog\u00eda avanzada de transductores y la tecnolog\u00eda de enfriamiento, mejora la calidad de las im\u00e1genes. Logiq E9 ofrece el modo B-Flow para visualizar el flujo sangu\u00edneo sin recibir se\u00f1al de los tejidos de alrededor. Otros modos de imagen incluyen modo B, modo M, onda de pulso y Doppler de potencia. El ec\u00f3grafo Logiq de GE viene con un monitor LCD en color de 19-pulg. en un brazo m\u00f3vil, lo que facilita su reajuste. Junto con una pantalla t\u00e1ctil LCD en color de 10.4 pulg. El GE Logiq E9 es un sistema de im\u00e1genes vers\u00e1til que se adapta f\u00e1cilmente a diferentes entornos y le ofrece flexibilidad y facilidad de uso con una tecnolog\u00eda de im\u00e1genes fiable.<\/p>\n<ul>\n<li>Proporcione una calidad de imagen extraordinaria en un amplio espectro de tipos de cuerpos de pacientes<\/li>\n<li>Visualice el flujo sangu\u00edneo sin las limitaciones del Doppler<\/li>\n<li>Mejore su flujo de trabajo<\/li>\n<li>Integre la ecograf\u00eda en tiempo real con im\u00e1genes de TC, RM, PET o ecograf\u00eda adquiridas previamente<\/li>\n<li>Seguimiento visual de su posici\u00f3n durante una exploraci\u00f3n<\/li>\n<\/ul>\n<h2>ESPECIFICACIONES DE GE LOGIQ E9<\/h2>\n<h3>Dimensiones<\/h3>\n<ul>\n<li>Altura: 55.5 pulg. (1410 mm)<\/li>\n<li>Anchura: 23 pulg. (585 mm)<\/li>\n<li>Profundidad: 32.6 pulg. (830 mm)<\/li>\n<li>Peso: 298 lbs (135 kg)<\/li>\n<\/ul>\n<h3>Monitor LCD<\/h3>\n<ul>\n<li>LCD de alta resoluci\u00f3n de 19 pulg.<\/li>\n<li>Traslaci\u00f3n de la pantalla LCD (independiente de la consola)<\/li>\n<li>350 mm horizontal<\/li>\n<li>90\u00b0 de giro<\/li>\n<li>Mecanismo de bajada y bloqueo para el transporte<\/li>\n<li>Ajuste de brillo y contraste<\/li>\n<li>Resoluci\u00f3n 1280 x 1024<\/li>\n<li>\u00c1ngulo de visi\u00f3n horizontal\/vertical de +\/- 170<\/li>\n<\/ul>\n<h3>Pantalla T\u00e1ctil<\/h3>\n<ul>\n<li>Pantalla LCD t\u00e1ctil en color de alta resoluci\u00f3n de 10.4 pulg.<\/li>\n<li>Men\u00fa de software din\u00e1mico interactivo<\/li>\n<li>Ajuste de brillo<\/li>\n<li>Dise\u00f1o configurable por el usuario<\/li>\n<\/ul>\n<h3>Alimentaci\u00f3n El\u00e9ctrica<\/h3>\n<ul>\n<li>Tensi\u00f3n: 100-120 vac o 220 &#8211; 240 vac<\/li>\n<li>Frecuencia: 50\/60 Hz<\/li>\n<li>Consumo m\u00e1ximo de 1.2 KVA con perif\u00e9ricos<\/li>\n<\/ul>\n<h2>PREGUNTAS FRECUENTES SOBRE ULTRASONIDOS<\/h2>\n<h3>\u00bfQu\u00e9 hace un equipo de ultrasonidos?<\/h3>\n<p>Los ultrasonidos utilizan ondas sonoras de alta frecuencia para mostrar im\u00e1genes en directo del interior del cuerpo. Los ultrasonidos no utilizan radiaci\u00f3n, por lo que es el m\u00e9todo preferido para ver un feto en desarrollo en el \u00fatero. Las im\u00e1genes por ultrasonidos utilizan frecuencias de 2 megahercios o superiores, lo que permite la resoluci\u00f3n de peque\u00f1os detalles internos en estructuras y tejidos.<\/p>\n<h3>\u00bfD\u00f3nde se utiliza un ultrasonido?<\/h3>\n<p>En medicina, la mayor\u00eda de la gente asocia los ultrasonidos y las escaneos con el embarazo. Estas im\u00e1genes permiten ver por primera vez c\u00f3mo est\u00e1 el feto y realizar chequeos peri\u00f3dicos a lo largo del embarazo. Sin embargo, los ultrasonidos tienen muchos otros usos en el campo de la medicina. Es posible que tu m\u00e9dico te pida una ecograf\u00eda si tienes dolor, hinchaz\u00f3n y otros s\u00edntomas que requieran una visi\u00f3n interna de tus \u00f3rganos. Algunas de las partes del cuerpo m\u00e1s comunes que exploran los m\u00e9dicos y ecografistas son:<\/p>\n<ul>\n<li>Vejiga<\/li>\n<li>H\u00edgado<\/li>\n<li>Ri\u00f1ones<\/li>\n<li>P\u00e1ncreas<\/li>\n<li>Ves\u00edcula biliar<\/li>\n<li>Cerebro<\/li>\n<li>Ojos<\/li>\n<li>Bazo<\/li>\n<li>\u00datero<\/li>\n<li>Vasos sangu\u00edneos<\/li>\n<li>Ovarios<\/li>\n<li>Test\u00edculos<\/li>\n<\/ul>\n<h2>M\u00c1S INFORMACI\u00d3N SOBRE EL GE LOGIQ E9<\/h2>\n<h3>GE Logiq E9 Reconstruido<\/h3>\n<p>Soma Tech Intl ofrece el GE Logiq E9 hasta un 50% por debajo de los precios original con el mismo servicio y garant\u00eda que los nuevos. El GE Logiq E9 no s\u00f3lo est\u00e1 t\u00e9cnicamente reconstruido, sino que tambi\u00e9n est\u00e1 cosm\u00e9ticamente reacondicionado para que funcione y se vea como nuevo. Cuando se inicia el proceso de reacondicionamiento del Logiq E9, \u00e9sta cuidadosamente inspeccionado y probado por nuestros propios ingenieros biom\u00e9dicos quien son certificados para trabajar con ultrasonidos. Si es necesario, se reemplazan las piezas para asegurarse de que todos los aspectos del Logiq E9 funcionen con eficaz. Una vez que todo est\u00e1 en orden de funcionamiento, la unidad se calibra con las especificaciones originales del fabricante. Esto asegura que la unidad est\u00e1 funcionando de la misma manera que cuando sali\u00f3 originalmente del fabricante. Despu\u00e9s de que la m\u00e1quina funciona como nuevo, se somete a un proceso especial de restauraci\u00f3n cosm\u00e9tica. Se limpia, se reparan los peque\u00f1os ara\u00f1azos y abolladuras, se pinta y se sustituyen las calcoman\u00edas si es necesario. Soma Tech Intl cuenta con la certificaci\u00f3n ISO 13485 y se asegura de que se d\u00e9 la mejor calidad a todos los equipos m\u00e9dicos que venden. Antes de que el E9 sea etiquetado como listo para el paciente y empacado para su env\u00edo, pasa por una \u00faltima prueba de control de calidad que asegura que todos los aspectos est\u00e1n funcionando de nuevo como deber\u00edan. Si desea comprar el GE Logiq E9 reconstruido, p\u00f3ngase en contacto con nosotros en <a href=\"mailto:Soma@SomaTechnology.com\">Soma@SomaTechnology.com<\/a> o ll\u00e1menos al 1-800-GET-SOMA.<\/p>\n<p>Soma Tech Intl tambi\u00e9n est\u00e1 buscando activamente para comprar un GE Logiq E9. Si usted o su instalaci\u00f3n est\u00e1 buscando vender su unidad, aseg\u00farese de ponerse en contacto con Soma Tech Intl. Soma tiene un departamento de compras dedicado en ayudar a trav\u00e9s de todo el proceso. La venta de su ultrasonido usado o de segunda mano a Soma Tech Intl elimina el intermediario en la ecuaci\u00f3n. Esto tambi\u00e9n asegura que su centro m\u00e9dico obtiene el mejor precio por su equipo. Soma cumple al 100% con las normas HIPPA y se asegura de que su equipo llegue a nuestras instalaciones en las mismas condiciones en que sali\u00f3 del suyo. Soma Tech Intl tambi\u00e9n da la opci\u00f3n de cr\u00e9dito de intercambio en su equipo m\u00e9dico. Si usted o su instalaci\u00f3n est\u00e1 buscando recuperar espacio para nuevos equipos, o si usted est\u00e1 buscando para actualizar su equipo actual, p\u00f3ngase en contacto con el departamento de compras en <a href=\"mailto:Buyer@SomaTechnology.com\">Buyer@SomaTechnology.com<\/a> o env\u00edenos un mensaje en nuestro sitio web Vender a Soma.<\/p>\n","protected":false},"excerpt":{"rendered":"<p>Ultrasonidos<\/p>\n","protected":false},"featured_media":25412,"template":"","meta":{"_acf_changed":false,"_relevanssi_hide_post":"","_relevanssi_hide_content":"","_relevanssi_pin_for_all":"","_relevanssi_pin_keywords":"","_relevanssi_unpin_keywords":"","_relevanssi_related_keywords":"","_relevanssi_related_include_ids":"","_relevanssi_related_exclude_ids":"","_relevanssi_related_no_append":"","_relevanssi_related_not_related":"","_relevanssi_related_posts":"","_relevanssi_noindex_reason":"","inline_featured_image":false},"pwb-brand":[1100],"product_brand":[],"product_cat":[91],"product_tag":[2318,224,2321,1902,2320,1919,2319,1901,1900],"class_list":{"0":"post-9408","1":"product","2":"type-product","3":"status-publish","4":"has-post-thumbnail","6":"pwb-brand-equipo-medico-ge","7":"product_cat-ultrasonidos","8":"product_tag-e9","9":"product_tag-ge","10":"product_tag-ge-e9","11":"product_tag-ge-logiq","12":"product_tag-ge-logiq-e9","13":"product_tag-logiq","14":"product_tag-logiq-e9","15":"product_tag-ultrasonido","16":"product_tag-ultrasonidos","18":"first","19":"instock","20":"shipping-taxable","21":"purchasable","22":"product-type-simple"},"acf":[],"brands":[{"id":1100,"name":"GE","slug":"equipo-medico-ge"}],"_links":{"self":[{"href":"https:\/\/www.somatechnology.com\/spanish\/wp-json\/wp\/v2\/product\/9408","targetHints":{"allow":["GET"]}}],"collection":[{"href":"https:\/\/www.somatechnology.com\/spanish\/wp-json\/wp\/v2\/product"}],"about":[{"href":"https:\/\/www.somatechnology.com\/spanish\/wp-json\/wp\/v2\/types\/product"}],"wp:featuredmedia":[{"embeddable":true,"href":"https:\/\/www.somatechnology.com\/spanish\/wp-json\/wp\/v2\/media\/25412"}],"wp:attachment":[{"href":"https:\/\/www.somatechnology.com\/spanish\/wp-json\/wp\/v2\/media?parent=9408"}],"wp:term":[{"taxonomy":"pwb-brand","embeddable":true,"href":"https:\/\/www.somatechnology.com\/spanish\/wp-json\/wp\/v2\/pwb-brand?post=9408"},{"taxonomy":"product_brand","embeddable":true,"href":"https:\/\/www.somatechnology.com\/spanish\/wp-json\/wp\/v2\/product_brand?post=9408"},{"taxonomy":"product_cat","embeddable":true,"href":"https:\/\/www.somatechnology.com\/spanish\/wp-json\/wp\/v2\/product_cat?post=9408"},{"taxonomy":"product_tag","embeddable":true,"href":"https:\/\/www.somatechnology.com\/spanish\/wp-json\/wp\/v2\/product_tag?post=9408"}],"curies":[{"name":"wp","href":"https:\/\/api.w.org\/{rel}","templated":true}]}}